Last updated on 2021-03-06 03:54:55 CET.
Flavor | Version | Tinstall | Tcheck | Ttotal | Status | Flags |
---|---|---|---|---|---|---|
r-devel-linux-x86_64-debian-clang | 1.0 | 7.84 | 123.49 | 131.33 | NOTE | |
r-devel-linux-x86_64-debian-gcc | 1.0 | 8.46 | 110.15 | 118.61 | NOTE | |
r-devel-linux-x86_64-fedora-clang | 1.0 | 194.27 | NOTE | |||
r-devel-linux-x86_64-fedora-gcc | 1.0 | 179.38 | NOTE | |||
r-devel-windows-ix86+x86_64 | 1.0 | 16.00 | 192.00 | 208.00 | NOTE | |
r-patched-linux-x86_64 | 1.0 | NOTE | ||||
r-patched-solaris-x86 | 1.0 | 318.50 | NOTE | |||
r-release-linux-x86_64 | 1.0 | 9.98 | 141.95 | 151.93 | NOTE | |
r-release-macos-x86_64 | 1.0 | NOTE | ||||
r-release-windows-ix86+x86_64 | 1.0 | 17.00 | 145.00 | 162.00 | NOTE | |
r-oldrel-macos-x86_64 | 1.0 | NOTE | ||||
r-oldrel-windows-ix86+x86_64 | 1.0 | 11.00 | 139.00 | 150.00 | NOTE |
Version: 1.0
Check: R code for possible problems
Result: NOTE
identifyGraph: no visible global function definition for 'phyper'
mytriangle: no visible global function definition for 'symbols'
plotGraph: no visible global function definition for 'par'
updateOrgEnvir: no visible global function definition for 'read.table'
Undefined global functions or variables:
par phyper read.table symbols
Consider adding
importFrom("graphics", "par", "symbols")
importFrom("stats", "phyper")
importFrom("utils", "read.table")
to your NAMESPACE file.
Flavors: r-devel-linux-x86_64-debian-clang, r-devel-linux-x86_64-debian-gcc, r-devel-linux-x86_64-fedora-clang, r-devel-linux-x86_64-fedora-gcc, r-devel-windows-ix86+x86_64, r-patched-linux-x86_64, r-patched-solaris-x86, r-release-linux-x86_64, r-release-macos-x86_64, r-release-windows-ix86+x86_64
Version: 1.0
Check: R code for possible problems
Result: NOTE
identifyGraph: no visible global function definition for ‘phyper’
mytriangle: no visible global function definition for ‘symbols’
plotGraph: no visible global function definition for ‘par’
plotGraph: no visible global function definition for ‘plot’
updateOrgEnvir: no visible global function definition for ‘read.table’
Undefined global functions or variables:
par phyper plot read.table symbols
Consider adding
importFrom("graphics", "par", "plot", "symbols")
importFrom("stats", "phyper")
importFrom("utils", "read.table")
to your NAMESPACE file.
Flavors: r-oldrel-macos-x86_64, r-oldrel-windows-ix86+x86_64