CRAN Package Check Results for Package StratifiedBalancing

Last updated on 2024-05-29 11:52:51 CEST.

Flavor Version Tinstall Tcheck Ttotal Status Flags
r-devel-linux-x86_64-debian-clang 0.3.0 4.56 33.22 37.78 OK
r-devel-linux-x86_64-debian-gcc 0.3.0 3.47 24.52 27.99 OK
r-devel-linux-x86_64-fedora-clang 0.3.0 46.24 NOTE
r-devel-linux-x86_64-fedora-gcc 0.3.0 43.35 NOTE
r-devel-windows-x86_64 0.3.0 4.00 44.00 48.00 OK
r-patched-linux-x86_64 0.3.0 4.47 30.93 35.40 OK
r-release-linux-x86_64 0.3.0 3.91 31.41 35.32 OK
r-release-macos-arm64 0.3.0 18.00 OK
r-release-windows-x86_64 0.3.0 4.00 42.00 46.00 OK
r-oldrel-macos-arm64 0.3.0 21.00 OK
r-oldrel-macos-x86_64 0.3.0 25.00 OK
r-oldrel-windows-x86_64 0.3.0 5.00 46.00 51.00 OK

Check Details

Version: 0.3.0
Check: dependencies in R code
Result: NOTE Namespace in Imports field not imported from: ‘bnlearn’ All declared Imports should be used. Flavors: r-devel-linux-x86_64-fedora-clang, r-devel-linux-x86_64-fedora-gcc