CRAN Package Check Results for Package Storm

Last updated on 2022-01-24 12:52:25 CET.

Flavor Version Tinstall Tcheck Ttotal Status Flags
r-devel-linux-x86_64-debian-clang 1.2 3.39 31.97 35.36 NOTE
r-devel-linux-x86_64-debian-gcc 1.2 2.62 25.37 27.99 NOTE
r-devel-linux-x86_64-fedora-clang 1.2 44.22 NOTE
r-devel-linux-x86_64-fedora-gcc 1.2 33.46 NOTE
r-devel-windows-x86_64-new-UL 1.2 17.00 48.00 65.00 NOTE
r-devel-windows-x86_64-new-TK 1.2 NOTE
r-patched-linux-x86_64 1.2 2.88 31.57 34.45 NOTE
r-release-linux-x86_64 1.2 2.41 31.44 33.85 NOTE
r-release-macos-arm64 1.2 NOTE
r-release-macos-x86_64 1.2 NOTE
r-release-windows-ix86+x86_64 1.2 9.00 186.00 195.00 NOTE
r-oldrel-macos-x86_64 1.2 NOTE
r-oldrel-windows-ix86+x86_64 1.2 9.00 40.00 49.00 NOTE

Check Details

Version: 1.2
Check: DESCRIPTION meta-information
Result: NOTE
    Malformed Title field: should not end in a period.
Flavors: r-devel-linux-x86_64-debian-clang, r-devel-linux-x86_64-debian-gcc, r-devel-linux-x86_64-fedora-clang, r-devel-linux-x86_64-fedora-gcc, r-devel-windows-x86_64-new-UL, r-devel-windows-x86_64-new-TK, r-patched-linux-x86_64, r-release-linux-x86_64, r-release-macos-arm64, r-release-macos-x86_64, r-release-windows-ix86+x86_64, r-oldrel-macos-x86_64, r-oldrel-windows-ix86+x86_64