Last updated on 2024-03-29 06:56:41 CET.
Flavor | Version | Tinstall | Tcheck | Ttotal | Status | Flags |
---|---|---|---|---|---|---|
r-devel-linux-x86_64-debian-clang | 1.6.7 | 104.86 | 107.63 | 212.49 | NOTE | |
r-devel-linux-x86_64-debian-gcc | 1.6.7 | 83.43 | 76.68 | 160.11 | NOTE | |
r-devel-linux-x86_64-fedora-clang | 1.6.7 | 304.84 | NOTE | |||
r-devel-linux-x86_64-fedora-gcc | 1.6.7 | 288.12 | NOTE | |||
r-devel-windows-x86_64 | 1.6.7 | 86.00 | 115.00 | 201.00 | NOTE | |
r-patched-linux-x86_64 | 1.6.7 | 80.34 | 103.95 | 184.29 | NOTE | |
r-release-linux-x86_64 | 1.6.7 | 95.35 | 101.98 | 197.33 | OK | |
r-release-macos-arm64 | 1.6.7 | 78.00 | OK | |||
r-release-macos-x86_64 | 1.6.7 | 117.00 | OK | |||
r-release-windows-x86_64 | 1.6.7 | 107.00 | 137.00 | 244.00 | OK | |
r-oldrel-macos-arm64 | 1.6.7 | 79.00 | OK | |||
r-oldrel-windows-x86_64 | 1.6.7 | 100.00 | 143.00 | 243.00 | OK |
Version: 1.6.7
Check: Rd files
Result: NOTE
checkRd: (-1) landmarkMatrixToList.Rd:10: Lost braces
10 | \item{semilandmark.pattern}{a regular expression pattern passed to \code{sub()} for identifying and grouping curve points. The default is landmark names ending in one or more numbers. To disable grouping, set to code{''}.}
| ^
Flavors: r-devel-linux-x86_64-debian-clang, r-devel-linux-x86_64-debian-gcc, r-devel-linux-x86_64-fedora-clang, r-devel-linux-x86_64-fedora-gcc, r-devel-windows-x86_64, r-patched-linux-x86_64