Last updated on 2025-02-22 12:50:53 CET.
Flavor | Version | Tinstall | Tcheck | Ttotal | Status | Flags |
---|---|---|---|---|---|---|
r-devel-linux-x86_64-debian-clang | 2.6.0 | 22.09 | 24.13 | 46.22 | NOTE | |
r-devel-linux-x86_64-debian-gcc | 2.6.0 | 15.26 | 18.97 | 34.23 | NOTE | |
r-devel-linux-x86_64-fedora-clang | 2.6.0 | 91.93 | NOTE | |||
r-devel-linux-x86_64-fedora-gcc | 2.6.0 | 82.18 | NOTE | |||
r-devel-macos-arm64 | 2.6.0 | 28.00 | NOTE | |||
r-devel-macos-x86_64 | 2.6.0 | 33.00 | NOTE | |||
r-devel-windows-x86_64 | 2.6.0 | 23.00 | 63.00 | 86.00 | NOTE | |
r-patched-linux-x86_64 | 2.6.0 | 22.03 | 22.95 | 44.98 | NOTE | |
r-release-linux-x86_64 | 2.6.0 | 21.58 | 22.89 | 44.47 | NOTE | |
r-release-macos-arm64 | 2.6.0 | 26.00 | NOTE | |||
r-release-macos-x86_64 | 2.6.0 | 34.00 | NOTE | |||
r-release-windows-x86_64 | 2.6.0 | 24.00 | 65.00 | 89.00 | NOTE | |
r-oldrel-macos-arm64 | 2.6.0 | 31.00 | NOTE | |||
r-oldrel-macos-x86_64 | 2.6.0 | 47.00 | NOTE | |||
r-oldrel-windows-x86_64 | 2.6.0 | 28.00 | 73.00 | 101.00 | NOTE |
Version: 2.6.0
Check: C++ specification
Result: NOTE
Specified C++11: please drop specification unless essential
Flavors: r-devel-linux-x86_64-debian-clang, r-devel-linux-x86_64-debian-gcc, r-devel-linux-x86_64-fedora-clang, r-devel-linux-x86_64-fedora-gcc, r-devel-macos-arm64, r-devel-macos-x86_64, r-devel-windows-x86_64, r-patched-linux-x86_64, r-release-linux-x86_64, r-release-macos-arm64, r-release-macos-x86_64, r-release-windows-x86_64, r-oldrel-macos-arm64, r-oldrel-macos-x86_64, r-oldrel-windows-x86_64