Last updated on 2024-04-20 03:53:23 CEST.
Flavor | Version | Tinstall | Tcheck | Ttotal | Status | Flags |
---|---|---|---|---|---|---|
r-devel-linux-x86_64-debian-clang | 1.5.0 | 28.30 | 345.83 | 374.13 | OK | |
r-devel-linux-x86_64-debian-gcc | 1.5.0 | OK | ||||
r-devel-linux-x86_64-fedora-clang | 1.5.0 | 495.25 | NOTE | |||
r-devel-linux-x86_64-fedora-gcc | 1.5.0 | 494.88 | OK | |||
r-prerel-macos-arm64 | 1.5.0 | 152.00 | OK | |||
r-prerel-macos-x86_64 | 1.5.0 | 236.00 | OK | |||
r-prerel-windows-x86_64 | 1.5.0 | 22.00 | 204.00 | 226.00 | OK | |
r-patched-linux-x86_64 | 1.5.0 | 22.34 | 326.46 | 348.80 | OK | |
r-release-linux-x86_64 | 1.5.0 | 23.90 | 320.07 | 343.97 | OK | |
r-release-macos-arm64 | 1.5.0 | 102.00 | OK | |||
r-release-macos-x86_64 | 1.5.0 | 190.00 | OK | |||
r-release-windows-x86_64 | 1.5.0 | 26.00 | 268.00 | 294.00 | OK | |
r-oldrel-macos-arm64 | 1.5.0 | 90.00 | OK | |||
r-oldrel-windows-x86_64 | 1.5.0 | 27.00 | 579.00 | 606.00 | OK |
Version: 1.5.0
Check: Rd cross-references
Result: NOTE
Undeclared package ‘AER’ in Rd xrefs
Flavor: r-devel-linux-x86_64-fedora-clang