CRAN Package Check Results for Package StatDataML

Last updated on 2021-02-26 21:49:16 CET.

Flavor Version Tinstall Tcheck Ttotal Status Flags
r-devel-linux-x86_64-debian-clang 1.0-26 3.10 33.82 36.92 NOTE
r-devel-linux-x86_64-debian-gcc 1.0-26 2.65 26.63 29.28 NOTE
r-devel-linux-x86_64-fedora-clang 1.0-26 55.41 NOTE
r-devel-linux-x86_64-fedora-gcc 1.0-26 44.98 NOTE
r-devel-windows-ix86+x86_64 1.0-26 7.00 38.00 45.00 OK
r-patched-linux-x86_64 1.0-26 2.66 32.61 35.27 NOTE
r-patched-solaris-x86 1.0-26 69.20 NOTE
r-release-linux-x86_64 1.0-26 3.11 32.31 35.42 NOTE
r-release-macos-x86_64 1.0-26 OK
r-release-windows-ix86+x86_64 1.0-26 6.00 48.00 54.00 OK
r-oldrel-macos-x86_64 1.0-26 OK
r-oldrel-windows-ix86+x86_64 1.0-26 5.00 39.00 44.00 OK

Check Details

Version: 1.0-26
Check: for non-standard things in the check directory
Result: NOTE
    Found the following files/directories:
     'testmat.sdml' 'testmat2.sdml'
Flavors: r-devel-linux-x86_64-debian-clang, r-devel-linux-x86_64-debian-gcc, r-devel-linux-x86_64-fedora-clang, r-devel-linux-x86_64-fedora-gcc, r-patched-linux-x86_64, r-patched-solaris-x86, r-release-linux-x86_64