CRAN Package Check Results for Package StanMoMo

Last updated on 2022-05-17 03:55:15 CEST.

Flavor Version Tinstall Tcheck Ttotal Status Flags
r-devel-linux-x86_64-debian-clang 1.0.0 589.36 212.12 801.48 NOTE
r-devel-linux-x86_64-debian-gcc 1.0.0 534.69 175.37 710.06 NOTE
r-devel-linux-x86_64-fedora-clang 1.0.0 1102.49 NOTE
r-devel-linux-x86_64-fedora-gcc 1.0.0 1157.51 NOTE
r-devel-windows-x86_64 1.0.0 388.00 289.00 677.00 NOTE
r-patched-linux-x86_64 1.0.0 509.58 233.26 742.84 NOTE
r-release-linux-x86_64 1.0.0 472.62 228.20 700.82 NOTE
r-release-macos-arm64 1.0.0 282.00 NOTE
r-release-macos-x86_64 1.0.0 441.00 NOTE
r-release-windows-x86_64 1.0.0 383.00 290.00 673.00 NOTE
r-oldrel-macos-arm64 1.0.0 319.00 NOTE
r-oldrel-macos-x86_64 1.0.0 327.00 NOTE
r-oldrel-windows-ix86+x86_64 1.0.0 1272.00 493.00 1765.00 NOTE

Check Details

Version: 1.0.0
Check: for GNU extensions in Makefiles
Result: NOTE
    GNU make is a SystemRequirements.
Flavors: r-devel-linux-x86_64-debian-clang, r-devel-linux-x86_64-debian-gcc, r-devel-linux-x86_64-fedora-clang, r-devel-linux-x86_64-fedora-gcc, r-devel-windows-x86_64, r-patched-linux-x86_64, r-release-linux-x86_64, r-release-macos-arm64, r-release-macos-x86_64, r-release-windows-x86_64, r-oldrel-macos-arm64, r-oldrel-macos-x86_64, r-oldrel-windows-ix86+x86_64

Version: 1.0.0
Check: installed package size
Result: NOTE
     installed size is 58.8Mb
     sub-directories of 1Mb or more:
     libs 57.9Mb
Flavors: r-devel-linux-x86_64-fedora-clang, r-devel-windows-x86_64, r-release-macos-arm64, r-release-macos-x86_64, r-release-windows-x86_64, r-oldrel-macos-arm64, r-oldrel-macos-x86_64, r-oldrel-windows-ix86+x86_64

Version: 1.0.0
Check: dependencies in R code
Result: NOTE
    Namespaces in Imports field not imported from:
     ‘RcppParallel’ ‘latex2exp’ ‘rstantools’ ‘tidyverse’
     All declared Imports should be used.
Flavors: r-devel-linux-x86_64-fedora-clang, r-devel-linux-x86_64-fedora-gcc, r-release-macos-arm64, r-release-macos-x86_64, r-oldrel-macos-arm64, r-oldrel-macos-x86_64