CRAN Package Check Results for Package StackImpute

Last updated on 2023-03-27 06:50:22 CEST.

Flavor Version Tinstall Tcheck Ttotal Status Flags
r-devel-linux-x86_64-debian-clang 0.1.0 10.94 37.64 48.58 OK
r-devel-linux-x86_64-debian-gcc 0.1.0 11.16 30.55 41.71 OK
r-devel-linux-x86_64-fedora-clang 0.1.0 65.88 NOTE
r-devel-linux-x86_64-fedora-gcc 0.1.0 78.87 NOTE
r-devel-windows-x86_64 0.1.0 35.00 75.00 110.00 OK
r-patched-linux-x86_64 0.1.0 11.68 37.51 49.19 OK
r-release-linux-x86_64 0.1.0 8.99 38.60 47.59 OK
r-release-macos-arm64 0.1.0 31.00 NOTE
r-release-macos-x86_64 0.1.0 45.00 NOTE
r-release-windows-x86_64 0.1.0 32.00 71.00 103.00 OK
r-oldrel-macos-arm64 0.1.0 30.00 NOTE
r-oldrel-macos-x86_64 0.1.0 37.00 NOTE
r-oldrel-windows-ix86+x86_64 0.1.0 18.00 68.00 86.00 OK

Check Details

Version: 0.1.0
Check: dependencies in R code
Result: NOTE
    Namespaces in Imports field not imported from:
     ‘MASS’ ‘mice’ ‘sandwich’ ‘zoo’
     All declared Imports should be used.
Flavors: r-devel-linux-x86_64-fedora-clang, r-devel-linux-x86_64-fedora-gcc, r-release-macos-arm64, r-release-macos-x86_64, r-oldrel-macos-arm64, r-oldrel-macos-x86_64