Last updated on 2025-02-22 12:50:53 CET.
Flavor | Version | Tinstall | Tcheck | Ttotal | Status | Flags |
---|---|---|---|---|---|---|
r-devel-linux-x86_64-debian-clang | 1.1 | 25.23 | 22.85 | 48.08 | NOTE | |
r-devel-linux-x86_64-debian-gcc | 1.1 | 15.93 | 18.55 | 34.48 | NOTE | |
r-devel-linux-x86_64-fedora-clang | 1.1 | 93.37 | NOTE | |||
r-devel-linux-x86_64-fedora-gcc | 1.1 | 83.94 | NOTE | |||
r-devel-macos-arm64 | 1.1 | 24.00 | NOTE | |||
r-devel-macos-x86_64 | 1.1 | 42.00 | NOTE | |||
r-devel-windows-x86_64 | 1.1 | 23.00 | 68.00 | 91.00 | NOTE | |
r-patched-linux-x86_64 | 1.1 | 22.05 | 21.52 | 43.57 | NOTE | |
r-release-linux-x86_64 | 1.1 | 20.71 | 21.74 | 42.45 | NOTE | |
r-release-macos-arm64 | 1.1 | 25.00 | NOTE | |||
r-release-macos-x86_64 | 1.1 | 37.00 | NOTE | |||
r-release-windows-x86_64 | 1.1 | 25.00 | 66.00 | 91.00 | NOTE | |
r-oldrel-macos-arm64 | 1.1 | 29.00 | NOTE | |||
r-oldrel-macos-x86_64 | 1.1 | 43.00 | NOTE | |||
r-oldrel-windows-x86_64 | 1.1 | 29.00 | 74.00 | 103.00 | NOTE |
Version: 1.1
Check: C++ specification
Result: NOTE
Specified C++11: please drop specification unless essential
Flavors: r-devel-linux-x86_64-debian-clang, r-devel-linux-x86_64-debian-gcc, r-devel-linux-x86_64-fedora-clang, r-devel-linux-x86_64-fedora-gcc, r-devel-macos-arm64, r-devel-macos-x86_64, r-devel-windows-x86_64, r-patched-linux-x86_64, r-release-linux-x86_64, r-release-macos-arm64, r-release-macos-x86_64, r-release-windows-x86_64, r-oldrel-macos-arm64, r-oldrel-macos-x86_64, r-oldrel-windows-x86_64