Last updated on 2025-04-30 12:49:17 CEST.
Flavor | Version | Tinstall | Tcheck | Ttotal | Status | Flags |
---|---|---|---|---|---|---|
r-devel-linux-x86_64-debian-clang | 1.1 | 15.77 | 137.69 | 153.46 | NOTE | |
r-devel-linux-x86_64-debian-gcc | 1.1 | 11.24 | 98.85 | 110.09 | NOTE | |
r-devel-linux-x86_64-fedora-clang | 1.1 | 255.89 | OK | |||
r-devel-linux-x86_64-fedora-gcc | 1.1 | 260.98 | OK | |||
r-devel-windows-x86_64 | 1.1 | 17.00 | 133.00 | 150.00 | OK | |
r-patched-linux-x86_64 | 1.1 | 14.76 | 131.31 | 146.07 | OK | |
r-release-linux-x86_64 | 1.1 | 14.14 | 130.55 | 144.69 | OK | |
r-release-macos-arm64 | 1.1 | 83.00 | OK | |||
r-release-macos-x86_64 | 1.1 | 154.00 | OK | |||
r-release-windows-x86_64 | 1.1 | 16.00 | 135.00 | 151.00 | OK | |
r-oldrel-macos-arm64 | 1.1 | 68.00 | OK | |||
r-oldrel-macos-x86_64 | 1.1 | 107.00 | OK | |||
r-oldrel-windows-x86_64 | 1.1 | 20.00 | 177.00 | 197.00 | OK |
Version: 1.1
Check: CRAN incoming feasibility
Result: NOTE
Maintainer: ‘Francesco Vidoli <fvidoli@gmail.com>’
No Authors@R field in DESCRIPTION.
Please add one, modifying
Authors@R: c(person(given = "Francesco",
family = "Vidoli",
role = c("aut", "cre"),
email = "fvidoli@gmail.com"),
person(given = "Roberto",
family = "Benedetti",
role = "aut"))
as necessary.
Flavors: r-devel-linux-x86_64-debian-clang, r-devel-linux-x86_64-debian-gcc
Version: 1.1
Check: examples
Result: NOTE
Examples with CPU (user + system) or elapsed time > 5s
user system elapsed
SkaterF 8.493 0.147 10.151
Flavor: r-devel-linux-x86_64-debian-clang
Version: 1.1
Check: examples
Result: NOTE
Examples with CPU (user + system) or elapsed time > 5s
user system elapsed
SkaterF 5.154 0.311 6.678
Flavor: r-devel-linux-x86_64-debian-gcc