CRAN Package Check Results for Package SpatialRDD

Last updated on 2024-03-02 12:48:31 CET.

Flavor Version Tinstall Tcheck Ttotal Status Flags
r-devel-linux-x86_64-debian-clang 0.1.0 3.45 55.33 58.78 OK
r-devel-linux-x86_64-debian-gcc 0.1.0 2.41 42.22 44.63 OK
r-devel-linux-x86_64-fedora-clang 0.1.0 79.66 NOTE
r-devel-linux-x86_64-fedora-gcc 0.1.0 284.16 NOTE
r-devel-windows-x86_64 0.1.0 6.00 70.00 76.00 OK
r-patched-linux-x86_64 0.1.0 2.98 54.63 57.61 OK
r-release-linux-x86_64 0.1.0 3.15 55.23 58.38 OK
r-release-macos-arm64 0.1.0 75.00 OK
r-release-macos-x86_64 0.1.0 191.00 OK
r-release-windows-x86_64 0.1.0 7.00 76.00 83.00 OK
r-oldrel-macos-arm64 0.1.0 67.00 OK
r-oldrel-windows-x86_64 0.1.0 6.00 78.00 84.00 OK

Check Details

Version: 0.1.0
Check: data for non-ASCII characters
Result: NOTE Note: found 3 marked UTF-8 strings Flavors: r-devel-linux-x86_64-fedora-clang, r-devel-linux-x86_64-fedora-gcc