CRAN Package Check Results for Package SpatialKDE

Last updated on 2021-11-29 21:51:54 CET.

Flavor Version Tinstall Tcheck Ttotal Status Flags
r-devel-linux-x86_64-debian-clang 0.6.2 43.42 267.70 311.12 NOTE
r-devel-linux-x86_64-debian-gcc 0.6.2 34.17 197.13 231.30 NOTE
r-devel-linux-x86_64-fedora-clang 0.6.2 402.01 NOTE
r-devel-linux-x86_64-fedora-gcc 0.6.2 376.58 NOTE
r-devel-windows-x86_64-new-UL 0.6.2 63.00 451.00 514.00 NOTE
r-devel-windows-x86_64-new-TK 0.6.2 NOTE
r-devel-windows-x86_64-old 0.6.2 61.00 240.00 301.00 NOTE
r-patched-linux-x86_64 0.6.2 37.30 256.91 294.21 NOTE
r-patched-solaris-x86 0.6.2 448.40 NOTE
r-release-linux-x86_64 0.6.2 38.02 256.10 294.12 NOTE
r-release-macos-arm64 0.6.2 NOTE
r-release-macos-x86_64 0.6.2 NOTE
r-release-windows-ix86+x86_64 0.6.2 104.00 427.00 531.00 NOTE
r-oldrel-macos-x86_64 0.6.2 OK
r-oldrel-windows-ix86+x86_64 0.6.2 68.00 408.00 476.00 OK

Check Details

Version: 0.6.2
Check: LazyData
Result: NOTE
     'LazyData' is specified without a 'data' directory
Flavors: r-devel-linux-x86_64-debian-clang, r-devel-linux-x86_64-debian-gcc, r-devel-linux-x86_64-fedora-clang, r-devel-linux-x86_64-fedora-gcc, r-devel-windows-x86_64-new-UL, r-devel-windows-x86_64-new-TK, r-devel-windows-x86_64-old, r-patched-linux-x86_64, r-patched-solaris-x86, r-release-linux-x86_64, r-release-macos-arm64, r-release-macos-x86_64, r-release-windows-ix86+x86_64