Last updated on 2024-03-28 12:50:48 CET.
Flavor | Version | Tinstall | Tcheck | Ttotal | Status | Flags |
---|---|---|---|---|---|---|
r-devel-linux-x86_64-debian-clang | 0.14-0 | 71.93 | 89.22 | 161.15 | NOTE | |
r-devel-linux-x86_64-debian-gcc | 0.14-0 | 52.73 | 66.83 | 119.56 | NOTE | |
r-devel-linux-x86_64-fedora-clang | 0.14-0 | 238.54 | NOTE | |||
r-devel-linux-x86_64-fedora-gcc | 0.14-0 | 238.77 | NOTE | |||
r-devel-windows-x86_64 | 0.14-0 | 59.00 | 130.00 | 189.00 | NOTE | |
r-patched-linux-x86_64 | 0.14-0 | 78.04 | 86.36 | 164.40 | NOTE | |
r-release-linux-x86_64 | 0.14-0 | 67.29 | 86.89 | 154.18 | OK | |
r-release-macos-arm64 | 0.14-0 | 59.00 | OK | |||
r-release-macos-x86_64 | 0.14-0 | 89.00 | OK | |||
r-release-windows-x86_64 | 0.14-0 | 74.00 | 141.00 | 215.00 | OK | |
r-oldrel-macos-arm64 | 0.14-0 | 56.00 | OK | |||
r-oldrel-windows-x86_64 | 0.14-0 | 68.00 | 143.00 | 211.00 | OK |
Version: 0.14-0
Check: Rd files
Result: NOTE
checkRd: (-1) SpatialBSS-package.Rd:25: Lost braces in \itemize; meant \describe ?
checkRd: (-1) SpatialBSS-package.Rd:26: Lost braces in \itemize; meant \describe ?
checkRd: (-1) SpatialBSS-package.Rd:27: Lost braces in \itemize; meant \describe ?
checkRd: (-1) SpatialBSS-package.Rd:28: Lost braces in \itemize; meant \describe ?
Flavors: r-devel-linux-x86_64-debian-clang, r-devel-linux-x86_64-debian-gcc, r-devel-linux-x86_64-fedora-clang, r-devel-linux-x86_64-fedora-gcc, r-devel-windows-x86_64, r-patched-linux-x86_64