Last updated on 2024-04-25 15:48:11 CEST.
Flavor | Version | Tinstall | Tcheck | Ttotal | Status | Flags |
---|---|---|---|---|---|---|
r-devel-linux-x86_64-debian-clang | 0.8.2 | 2.91 | 57.02 | 59.93 | NOTE | |
r-devel-linux-x86_64-debian-gcc | 0.8.2 | 2.00 | 39.12 | 41.12 | NOTE | |
r-devel-linux-x86_64-fedora-clang | 0.8.2 | 74.22 | NOTE | |||
r-devel-linux-x86_64-fedora-gcc | 0.8.2 | 88.19 | NOTE | |||
r-devel-windows-x86_64 | 0.8.2 | 3.00 | 74.00 | 77.00 | NOTE | |
r-patched-linux-x86_64 | 0.8.2 | 2.39 | 54.38 | 56.77 | NOTE | |
r-release-linux-x86_64 | 0.8.2 | 2.86 | 54.29 | 57.15 | NOTE | |
r-release-macos-arm64 | 0.8.2 | 30.00 | NOTE | |||
r-release-windows-x86_64 | 0.8.2 | 4.00 | 74.00 | 78.00 | NOTE | |
r-oldrel-macos-arm64 | 0.8.2 | 35.00 | NOTE | |||
r-oldrel-macos-x86_64 | 0.8.2 | 55.00 | NOTE | |||
r-oldrel-windows-x86_64 | 0.8.2 | 4.00 | 73.00 | 77.00 | NOTE |
Version: 0.8.2
Check: DESCRIPTION meta-information
Result: NOTE
Malformed Description field: should contain one or more complete sentences.
Flavors: r-devel-linux-x86_64-debian-clang, r-devel-linux-x86_64-debian-gcc, r-devel-linux-x86_64-fedora-clang, r-devel-linux-x86_64-fedora-gcc, r-devel-windows-x86_64, r-patched-linux-x86_64, r-release-linux-x86_64, r-release-macos-arm64, r-release-windows-x86_64, r-oldrel-macos-arm64, r-oldrel-macos-x86_64, r-oldrel-windows-x86_64