Last updated on 2024-03-28 12:50:48 CET.
Flavor | Version | Tinstall | Tcheck | Ttotal | Status | Flags |
---|---|---|---|---|---|---|
r-devel-linux-x86_64-debian-clang | 2.0.5 | 54.73 | 555.76 | 610.49 | NOTE | |
r-devel-linux-x86_64-debian-gcc | 2.0.5 | 44.74 | 404.93 | 449.67 | NOTE | |
r-devel-linux-x86_64-fedora-clang | 2.0.5 | 739.09 | NOTE | |||
r-devel-linux-x86_64-fedora-gcc | 2.0.5 | 715.18 | NOTE | |||
r-devel-windows-x86_64 | 2.0.5 | 45.00 | 368.00 | 413.00 | NOTE | |
r-patched-linux-x86_64 | 2.0.5 | 55.66 | 539.80 | 595.46 | NOTE | |
r-release-linux-x86_64 | 2.0.5 | 60.17 | 533.55 | 593.72 | NOTE | |
r-release-macos-arm64 | 2.0.5 | 184.00 | NOTE | |||
r-release-macos-x86_64 | 2.0.5 | 502.00 | NOTE | |||
r-release-windows-x86_64 | 2.0.5 | 59.00 | 481.00 | 540.00 | NOTE | |
r-oldrel-macos-arm64 | 2.0.5 | 170.00 | OK | |||
r-oldrel-windows-x86_64 | 2.0.5 | 59.00 | 489.00 | 548.00 | NOTE |
Version: 2.0.5
Check: package dependencies
Result: NOTE
Package suggested but not available for checking: ‘NLMR’
Flavors: r-devel-linux-x86_64-debian-clang, r-devel-linux-x86_64-debian-gcc, r-devel-linux-x86_64-fedora-clang, r-devel-linux-x86_64-fedora-gcc, r-devel-windows-x86_64, r-patched-linux-x86_64, r-release-linux-x86_64, r-release-macos-arm64, r-release-macos-x86_64, r-release-windows-x86_64, r-oldrel-windows-x86_64