Last updated on 2025-05-07 21:54:00 CEST.
Flavor | Version | Tinstall | Tcheck | Ttotal | Status | Flags |
---|---|---|---|---|---|---|
r-devel-linux-x86_64-debian-clang | 1.2.107 | 23.07 | 151.27 | 174.34 | NOTE | |
r-devel-linux-x86_64-debian-gcc | 1.2.107 | 14.42 | 102.33 | 116.75 | NOTE | |
r-devel-linux-x86_64-fedora-clang | 1.2.107 | 284.17 | OK | |||
r-devel-linux-x86_64-fedora-gcc | 1.2.107 | 251.98 | OK | |||
r-devel-windows-x86_64 | 1.2.107 | 26.00 | 214.00 | 240.00 | OK | |
r-patched-linux-x86_64 | 1.2.107 | 25.98 | 142.14 | 168.12 | OK | |
r-release-linux-x86_64 | 1.2.107 | 18.89 | 142.42 | 161.31 | OK | |
r-release-macos-arm64 | 1.2.107 | 78.00 | OK | |||
r-release-macos-x86_64 | 1.2.107 | 172.00 | OK | |||
r-release-windows-x86_64 | 1.2.107 | 28.00 | 220.00 | 248.00 | OK | |
r-oldrel-macos-arm64 | 1.2.107 | 68.00 | OK | |||
r-oldrel-macos-x86_64 | 1.2.107 | 109.00 | OK | |||
r-oldrel-windows-x86_64 | 1.2.107 | 31.00 | 250.00 | 281.00 | OK |
Version: 1.2.107
Check: CRAN incoming feasibility
Result: NOTE
Maintainer: ‘Carlos A. Sierra <csierra@bgc-jena.mpg.de>’
No Authors@R field in DESCRIPTION.
Please add one, modifying
Authors@R: c(person(given = c("Carlos", "A."),
family = "Sierra",
role = c("aut", "cre"),
email = "csierra@bgc-jena.mpg.de"),
person(given = "Markus",
family = "Mueller",
role = "aut"))
as necessary.
Flavors: r-devel-linux-x86_64-debian-clang, r-devel-linux-x86_64-debian-gcc