CRAN Package Check Results for Package SoftBart

Last updated on 2023-03-27 12:54:36 CEST.

Flavor Version Tinstall Tcheck Ttotal Status Flags
r-devel-linux-x86_64-debian-clang 1.0.1 58.98 156.06 215.04 OK
r-devel-linux-x86_64-debian-gcc 1.0.1 47.43 113.82 161.25 OK
r-devel-linux-x86_64-fedora-clang 1.0.1 275.74 OK
r-devel-linux-x86_64-fedora-gcc 1.0.1 290.08 OK
r-devel-windows-x86_64 1.0.1 63.00 221.00 284.00 OK
r-patched-linux-x86_64 1.0.1 49.38 144.94 194.32 OK
r-release-linux-x86_64 1.0.1 38.31 142.69 181.00 OK
r-release-macos-arm64 1.0.1 71.00 NOTE
r-release-macos-x86_64 1.0.1 96.00 NOTE
r-release-windows-x86_64 1.0.1 64.00 221.00 285.00 OK
r-oldrel-macos-arm64 1.0.1 70.00 NOTE
r-oldrel-macos-x86_64 1.0.1 97.00 NOTE
r-oldrel-windows-ix86+x86_64 1.0.1 135.00 235.00 370.00 OK

Check Details

Version: 1.0.1
Check: installed package size
Result: NOTE
     installed size is 5.3Mb
     sub-directories of 1Mb or more:
     libs 4.4Mb
Flavors: r-release-macos-arm64, r-release-macos-x86_64, r-oldrel-macos-arm64, r-oldrel-macos-x86_64