Last updated on 2024-03-29 06:56:40 CET.
Flavor | Version | Tinstall | Tcheck | Ttotal | Status | Flags |
---|---|---|---|---|---|---|
r-devel-linux-x86_64-debian-clang | 1.8.1 | 65.91 | 62.61 | 128.52 | NOTE | |
r-devel-linux-x86_64-debian-gcc | 1.8.1 | 54.99 | 47.66 | 102.65 | NOTE | |
r-devel-linux-x86_64-fedora-clang | 1.8.1 | 169.88 | NOTE | |||
r-devel-linux-x86_64-fedora-gcc | 1.8.1 | 166.01 | NOTE | |||
r-devel-windows-x86_64 | 1.8.1 | 55.00 | 73.00 | 128.00 | NOTE | |
r-patched-linux-x86_64 | 1.8.1 | 59.60 | 60.74 | 120.34 | NOTE | |
r-release-linux-x86_64 | 1.8.1 | 65.23 | 60.69 | 125.92 | OK | |
r-release-macos-arm64 | 1.8.1 | 69.00 | NOTE | |||
r-release-macos-x86_64 | 1.8.1 | 127.00 | NOTE | |||
r-release-windows-x86_64 | 1.8.1 | 77.00 | 74.00 | 151.00 | OK | |
r-oldrel-macos-arm64 | 1.8.1 | 75.00 | NOTE | |||
r-oldrel-windows-x86_64 | 1.8.1 | 78.00 | 82.00 | 160.00 | OK |
Version: 1.8.1
Check: Rd files
Result: NOTE
checkRd: (-1) cities_lon_lat.Rd:6: Lost braces
6 | A subset of world.cities{maps}. Extracted in order to shink number of dependencies.
| ^
Flavors: r-devel-linux-x86_64-debian-clang, r-devel-linux-x86_64-debian-gcc, r-devel-linux-x86_64-fedora-clang, r-devel-linux-x86_64-fedora-gcc, r-devel-windows-x86_64, r-patched-linux-x86_64
Version: 1.8.1
Check: data for non-ASCII characters
Result: NOTE
Note: found 1122 marked UTF-8 strings
Flavors: r-devel-linux-x86_64-fedora-clang, r-devel-linux-x86_64-fedora-gcc
Version: 1.8.1
Check: installed package size
Result: NOTE
installed size is 5.3Mb
sub-directories of 1Mb or more:
data 5.1Mb
Flavors: r-release-macos-arm64, r-release-macos-x86_64, r-oldrel-macos-arm64