Last updated on 2023-12-09 12:49:36 CET.
Flavor | Version | Tinstall | Tcheck | Ttotal | Status | Flags |
---|---|---|---|---|---|---|
r-devel-linux-x86_64-debian-clang | 1.8.1 | 64.45 | 62.41 | 126.86 | NOTE | |
r-devel-linux-x86_64-debian-gcc | 1.8.1 | 55.52 | 48.47 | 103.99 | NOTE | |
r-devel-linux-x86_64-fedora-clang | 1.8.1 | 169.62 | NOTE | |||
r-devel-linux-x86_64-fedora-gcc | 1.8.1 | 169.18 | NOTE | |||
r-devel-windows-x86_64 | 1.8.1 | 56.00 | 68.00 | 124.00 | OK | |
r-patched-linux-x86_64 | 1.8.1 | 63.47 | 60.08 | 123.55 | OK | |
r-release-linux-x86_64 | 1.8.1 | 61.70 | 59.47 | 121.17 | OK | |
r-release-macos-arm64 | 1.8.1 | 69.00 | NOTE | |||
r-release-macos-x86_64 | 1.8.1 | 127.00 | NOTE | |||
r-release-windows-x86_64 | 1.8.1 | 76.00 | 77.00 | 153.00 | OK | |
r-oldrel-macos-arm64 | 1.8.1 | 75.00 | NOTE | |||
r-oldrel-macos-x86_64 | 1.8.1 | 85.00 | OK | |||
r-oldrel-windows-x86_64 | 1.8.1 | 75.00 | 85.00 | 160.00 | OK |
Version: 1.8.1
Check: Rd files
Result: NOTE
checkRd: (-1) cities_lon_lat.Rd:6: Lost braces
6 | A subset of world.cities{maps}. Extracted in order to shink number of dependencies.
| ^
Flavors: r-devel-linux-x86_64-debian-clang, r-devel-linux-x86_64-debian-gcc
Version: 1.8.1
Check: data for non-ASCII characters
Result: NOTE
Note: found 1122 marked UTF-8 strings
Flavors: r-devel-linux-x86_64-fedora-clang, r-devel-linux-x86_64-fedora-gcc
Version: 1.8.1
Check: installed package size
Result: NOTE
installed size is 5.3Mb
sub-directories of 1Mb or more:
data 5.1Mb
Flavors: r-release-macos-arm64, r-release-macos-x86_64, r-oldrel-macos-arm64