Last updated on 2024-04-18 21:57:06 CEST.
Flavor | Version | Tinstall | Tcheck | Ttotal | Status | Flags |
---|---|---|---|---|---|---|
r-devel-linux-x86_64-debian-clang | 0.3.10 | 12.09 | 192.50 | 204.59 | OK | |
r-devel-linux-x86_64-debian-gcc | 0.3.10 | 8.66 | 142.96 | 151.62 | OK | |
r-devel-linux-x86_64-fedora-clang | 0.3.10 | 258.16 | NOTE | |||
r-devel-linux-x86_64-fedora-gcc | 0.3.10 | 255.03 | NOTE | |||
r-prerel-macos-arm64 | 0.3.10 | 61.00 | OK | |||
r-prerel-macos-x86_64 | 0.3.10 | 89.00 | OK | |||
r-prerel-windows-x86_64 | 0.3.10 | 10.00 | 139.00 | 149.00 | OK | |
r-patched-linux-x86_64 | 0.3.10 | 9.57 | 185.72 | 195.29 | OK | |
r-release-linux-x86_64 | 0.3.10 | 8.40 | 185.20 | 193.60 | OK | |
r-release-macos-arm64 | 0.3.10 | 69.00 | OK | |||
r-release-macos-x86_64 | 0.3.10 | 143.00 | OK | |||
r-release-windows-x86_64 | 0.3.10 | 13.00 | 170.00 | 183.00 | OK | |
r-oldrel-macos-arm64 | 0.3.10 | 74.00 | OK | |||
r-oldrel-windows-x86_64 | 0.3.10 | 13.00 | 175.00 | 188.00 | OK |
Version: 0.3.10
Check: dependencies in R code
Result: NOTE
Namespace in Imports field not imported from: ‘qpdf’
All declared Imports should be used.
Flavors: r-devel-linux-x86_64-fedora-clang, r-devel-linux-x86_64-fedora-gcc
Version: 0.3.10
Check: Rd cross-references
Result: NOTE
Undeclared packages ‘ggthemes’, ‘DataExplorer’ in Rd xrefs
Flavor: r-devel-linux-x86_64-fedora-clang