CRAN Package Check Results for Package Sleuth2

Last updated on 2024-02-25 12:52:05 CET.

Flavor Version Tinstall Tcheck Ttotal Status Flags
r-devel-linux-x86_64-debian-clang 2.0-7 4.69 266.04 270.73 OK
r-devel-linux-x86_64-debian-gcc 2.0-7 3.33 200.36 203.69 OK
r-devel-linux-x86_64-fedora-clang 2.0-7 336.48 NOTE
r-devel-linux-x86_64-fedora-gcc 2.0-7 360.50 OK
r-devel-windows-x86_64 2.0-7 7.00 378.00 385.00 NOTE
r-patched-linux-x86_64 2.0-7 8.54 259.58 268.12 OK
r-release-linux-x86_64 2.0-7 4.49 260.27 264.76 OK
r-release-macos-arm64 2.0-7 128.00 NOTE
r-release-macos-x86_64 2.0-7 375.00 NOTE
r-release-windows-x86_64 2.0-7 7.00 403.00 410.00 NOTE
r-oldrel-macos-arm64 2.0-7 120.00 NOTE
r-oldrel-windows-x86_64 2.0-7 9.00 401.00 410.00 NOTE

Check Details

Version: 2.0-7
Check: installed package size
Result: NOTE installed size is 5.1Mb sub-directories of 1Mb or more: doc 4.4Mb Flavors: r-devel-linux-x86_64-fedora-clang, r-devel-windows-x86_64, r-release-macos-arm64, r-release-macos-x86_64, r-release-windows-x86_64, r-oldrel-macos-arm64, r-oldrel-windows-x86_64