CRAN Package Check Results for Package Sleuth2

Last updated on 2022-10-01 12:56:25 CEST.

Flavor Version Tinstall Tcheck Ttotal Status Flags
r-devel-linux-x86_64-debian-clang 2.0-5 5.23 220.85 226.08 NOTE
r-devel-linux-x86_64-debian-gcc 2.0-5 3.76 159.15 162.91 NOTE
r-devel-linux-x86_64-fedora-clang 2.0-5 306.58 NOTE
r-devel-linux-x86_64-fedora-gcc 2.0-5 304.76 NOTE
r-devel-windows-x86_64 2.0-5 83.00 453.00 536.00 NOTE
r-patched-linux-x86_64 2.0-5 6.68 205.41 212.09 OK
r-release-linux-x86_64 2.0-5 4.33 201.17 205.50 OK
r-release-macos-arm64 2.0-5 89.00 OK
r-release-macos-x86_64 2.0-5 119.00 OK
r-release-windows-x86_64 2.0-5 87.00 573.00 660.00 OK
r-oldrel-macos-arm64 2.0-5 137.00 OK
r-oldrel-macos-x86_64 2.0-5 239.00 OK
r-oldrel-windows-ix86+x86_64 2.0-5 10.00 393.00 403.00 OK

Check Details

Version: 2.0-5
Check: Rd files
Result: NOTE
    checkRd: (-1) ex0723.Rd:29: Escaped LaTeX specials: \&
    checkRd: (-1) ex0915.Rd:25: Escaped LaTeX specials: \&
    checkRd: (-1) ex1515.Rd:4: Escaped LaTeX specials: \&
Flavors: r-devel-linux-x86_64-debian-clang, r-devel-linux-x86_64-debian-gcc, r-devel-linux-x86_64-fedora-clang, r-devel-linux-x86_64-fedora-gcc, r-devel-windows-x86_64