CRAN Package Check Results for Package SixSigma

Last updated on 2020-07-08 03:48:04 CEST.

Flavor Version Tinstall Tcheck Ttotal Status Flags
r-devel-linux-x86_64-debian-clang 0.9-52 6.26 70.37 76.63 NOTE
r-devel-linux-x86_64-debian-gcc 0.9-52 6.09 53.85 59.94 NOTE
r-devel-linux-x86_64-fedora-clang 0.9-52 99.65 NOTE
r-devel-linux-x86_64-fedora-gcc 0.9-52 107.47 NOTE
r-devel-windows-ix86+x86_64 0.9-52 14.00 191.00 205.00 OK
r-patched-linux-x86_64 0.9-52 6.04 68.83 74.87 NOTE
r-patched-solaris-x86 0.9-52 130.50 NOTE
r-release-linux-x86_64 0.9-52 6.11 68.63 74.74 NOTE
r-release-osx-x86_64 0.9-52 OK
r-release-windows-ix86+x86_64 0.9-52 14.00 148.00 162.00 OK
r-oldrel-osx-x86_64 0.9-52 OK
r-oldrel-windows-ix86+x86_64 0.9-52 19.00 648.00 667.00 OK

Check Details

Version: 0.9-52
Check: for non-standard things in the check directory
Result: NOTE
    Found the following files/directories:
     'helicopter.pdf'
Flavors: r-devel-linux-x86_64-debian-clang, r-devel-linux-x86_64-debian-gcc, r-devel-linux-x86_64-fedora-clang, r-devel-linux-x86_64-fedora-gcc, r-patched-linux-x86_64, r-patched-solaris-x86, r-release-linux-x86_64