Last updated on 2025-07-23 21:51:59 CEST.
Flavor | Version | Tinstall | Tcheck | Ttotal | Status | Flags |
---|---|---|---|---|---|---|
r-devel-linux-x86_64-debian-clang | 0.3.1 | 54.90 | 61.95 | 116.85 | OK | |
r-devel-linux-x86_64-debian-gcc | 0.3.1 | 40.59 | 46.14 | 86.73 | OK | |
r-devel-linux-x86_64-fedora-clang | 0.3.1 | 180.25 | NOTE | |||
r-devel-linux-x86_64-fedora-gcc | 0.3.1 | 177.54 | NOTE | |||
r-devel-windows-x86_64 | 0.3.1 | 51.00 | 70.00 | 121.00 | OK | |
r-patched-linux-x86_64 | 0.3.1 | 53.99 | 57.70 | 111.69 | OK | |
r-release-linux-x86_64 | 0.3.1 | 58.37 | 58.68 | 117.05 | OK | |
r-release-macos-arm64 | 0.3.1 | 67.00 | OK | |||
r-release-macos-x86_64 | 0.3.1 | 160.00 | OK | |||
r-release-windows-x86_64 | 0.3.1 | 53.00 | 71.00 | 124.00 | OK | |
r-oldrel-macos-arm64 | 0.3.1 | 72.00 | OK | |||
r-oldrel-macos-x86_64 | 0.3.1 | 102.00 | OK | |||
r-oldrel-windows-x86_64 | 0.3.1 | 69.00 | 92.00 | 161.00 | OK |
Version: 0.3.1
Check: dependencies in R code
Result: NOTE
Namespace in Imports field not imported from: ‘vegan’
All declared Imports should be used.
Flavors: r-devel-linux-x86_64-fedora-clang, r-devel-linux-x86_64-fedora-gcc