Last updated on 2022-05-26 12:53:51 CEST.
Flavor | Version | Tinstall | Tcheck | Ttotal | Status | Flags |
---|---|---|---|---|---|---|
r-devel-linux-x86_64-debian-clang | 1.0.8 | 106.64 | 44.40 | 151.04 | OK | |
r-devel-linux-x86_64-debian-gcc | 1.0.8 | 81.40 | 38.22 | 119.62 | OK | |
r-devel-linux-x86_64-fedora-clang | 1.0.8 | 217.26 | OK | |||
r-devel-linux-x86_64-fedora-gcc | 1.0.8 | 194.46 | OK | |||
r-devel-windows-x86_64 | 1.0.8 | 149.00 | 82.00 | 231.00 | OK | |
r-patched-linux-x86_64 | 1.0.8 | 91.79 | 43.04 | 134.83 | OK | |
r-release-linux-x86_64 | 1.0.8 | OK | ||||
r-release-macos-arm64 | 1.0.8 | 49.00 | NOTE | |||
r-release-macos-x86_64 | 1.0.8 | 66.00 | NOTE | |||
r-release-windows-x86_64 | 1.0.8 | 140.00 | 83.00 | 223.00 | OK | |
r-oldrel-macos-arm64 | 1.0.8 | 59.00 | NOTE | |||
r-oldrel-macos-x86_64 | 1.0.8 | 103.00 | NOTE | |||
r-oldrel-windows-ix86+x86_64 | 1.0.8 | 254.00 | 92.00 | 346.00 | OK |
Version: 1.0.8
Check: installed package size
Result: NOTE
installed size is 5.5Mb
sub-directories of 1Mb or more:
libs 5.3Mb
Flavors: r-release-macos-arm64, r-release-macos-x86_64, r-oldrel-macos-arm64, r-oldrel-macos-x86_64