Last updated on 2023-11-30 12:49:37 CET.
Flavor | Version | Tinstall | Tcheck | Ttotal | Status | Flags |
---|---|---|---|---|---|---|
r-devel-linux-x86_64-debian-clang | 0.1.3 | 68.28 | 40.61 | 108.89 | NOTE | |
r-devel-linux-x86_64-debian-gcc | 0.1.3 | 46.04 | 30.68 | 76.72 | NOTE | |
r-devel-linux-x86_64-fedora-clang | 0.1.3 | 165.67 | NOTE | |||
r-devel-linux-x86_64-fedora-gcc | 0.1.3 | 163.71 | NOTE | |||
r-devel-windows-x86_64 | 0.1.3 | 51.00 | 83.00 | 134.00 | NOTE | |
r-patched-linux-x86_64 | 0.1.3 | 52.72 | 38.65 | 91.37 | NOTE | |
r-release-linux-x86_64 | 0.1.3 | 50.89 | 38.92 | 89.81 | NOTE | |
r-release-macos-arm64 | 0.1.3 | 53.00 | NOTE | |||
r-release-macos-x86_64 | 0.1.3 | 78.00 | NOTE | |||
r-release-windows-x86_64 | 0.1.3 | 67.00 | 90.00 | 157.00 | NOTE | |
r-oldrel-macos-arm64 | 0.1.3 | 40.00 | OK | |||
r-oldrel-macos-x86_64 | 0.1.3 | 54.00 | OK | |||
r-oldrel-windows-x86_64 | 0.1.3 | 66.00 | 81.00 | 147.00 | OK |
Version: 0.1.3
Check: C++ specification
Result: NOTE
Specified C++14: please drop specification unless essential
Flavors: r-devel-linux-x86_64-debian-clang, r-devel-linux-x86_64-debian-gcc, r-devel-linux-x86_64-fedora-clang, r-devel-linux-x86_64-fedora-gcc, r-devel-windows-x86_64, r-patched-linux-x86_64, r-release-linux-x86_64, r-release-macos-arm64, r-release-macos-x86_64, r-release-windows-x86_64