CRAN Package Check Results for Package SimPhe

Last updated on 2020-09-24 12:50:53 CEST.

Flavor Version Tinstall Tcheck Ttotal Status Flags
r-devel-linux-x86_64-debian-clang 0.2.0 3.25 30.77 34.02 NOTE
r-devel-linux-x86_64-debian-gcc 0.2.0 2.33 24.08 26.41 NOTE
r-devel-linux-x86_64-fedora-clang 0.2.0 49.98 NOTE
r-devel-linux-x86_64-fedora-gcc 0.2.0 40.28 NOTE
r-devel-windows-ix86+x86_64 0.2.0 6.00 52.00 58.00 OK
r-patched-linux-x86_64 0.2.0 2.70 30.07 32.77 NOTE
r-patched-solaris-x86 0.2.0 60.80 NOTE
r-release-linux-x86_64 0.2.0 2.97 30.11 33.08 NOTE
r-release-macos-x86_64 0.2.0 OK
r-release-windows-ix86+x86_64 0.2.0 6.00 58.00 64.00 OK
r-oldrel-macos-x86_64 0.2.0 OK
r-oldrel-windows-ix86+x86_64 0.2.0 4.00 41.00 45.00 OK

Check Details

Version: 0.2.0
Check: for non-standard things in the check directory
Result: NOTE
    Found the following files/directories:
     'simu.pheno' 'usedpars.txt'
Flavors: r-devel-linux-x86_64-debian-clang, r-devel-linux-x86_64-debian-gcc, r-devel-linux-x86_64-fedora-clang, r-devel-linux-x86_64-fedora-gcc, r-patched-linux-x86_64, r-patched-solaris-x86, r-release-linux-x86_64