Last updated on 2023-03-24 02:51:45 CET.
Flavor | Version | Tinstall | Tcheck | Ttotal | Status | Flags |
---|---|---|---|---|---|---|
r-devel-linux-x86_64-debian-clang | 9.5.0 | 29.99 | 296.45 | 326.44 | OK | |
r-devel-linux-x86_64-debian-gcc | 9.5.0 | 26.30 | 249.70 | 276.00 | OK | |
r-devel-linux-x86_64-fedora-clang | 9.5.0 | 416.06 | OK | |||
r-devel-linux-x86_64-fedora-gcc | 9.5.0 | 431.95 | OK | |||
r-devel-windows-x86_64 | 9.5.0 | 102.00 | 407.00 | 509.00 | OK | |
r-patched-linux-x86_64 | 9.5.0 | 30.50 | 267.57 | 298.07 | OK | |
r-release-linux-x86_64 | 9.5.0 | 29.00 | 274.44 | 303.44 | OK | |
r-release-macos-arm64 | 9.5.0 | 120.00 | NOTE | |||
r-release-macos-x86_64 | 9.5.0 | 177.00 | NOTE | |||
r-release-windows-x86_64 | 9.5.0 | 142.00 | 386.00 | 528.00 | OK | |
r-oldrel-macos-arm64 | 9.5.0 | 100.00 | NOTE | |||
r-oldrel-macos-x86_64 | 9.5.0 | 170.00 | NOTE | |||
r-oldrel-windows-ix86+x86_64 | 9.5.0 | 71.00 | 535.00 | 606.00 | NOTE |
Version: 9.5.0
Check: installed package size
Result: NOTE
installed size is 6.3Mb
sub-directories of 1Mb or more:
data 1.9Mb
libs 2.8Mb
Flavors: r-release-macos-arm64, r-release-macos-x86_64, r-oldrel-macos-arm64, r-oldrel-macos-x86_64, r-oldrel-windows-ix86+x86_64
Version: 9.5.0
Check: re-building of vignette outputs
Result: NOTE
Error(s) in re-building vignettes:
...
--- re-building ‘SimInf.Rnw’ using Sweave
--- finished re-building 'SimInf.Rnw'
--- re-building ‘scheduled-events.Rmd’ using rmarkdown
Error: processing vignette 'scheduled-events.Rmd' failed with diagnostics:
there is no package called 'vctrs'
--- failed re-building ‘scheduled-events.Rmd’
SUMMARY: processing the following file failed:
‘scheduled-events.Rmd’
Error: Vignette re-building failed.
Execution halted
Flavor: r-oldrel-macos-x86_64