CRAN Package Check Results for Package SimInf

Last updated on 2024-02-26 12:54:37 CET.

Flavor Version Tinstall Tcheck Ttotal Status Flags
r-devel-linux-x86_64-debian-clang 9.6.0 30.87 271.05 301.92 OK
r-devel-linux-x86_64-debian-gcc 9.6.0 23.39 202.64 226.03 OK
r-devel-linux-x86_64-fedora-clang 9.6.0 366.54 OK
r-devel-linux-x86_64-fedora-gcc 9.6.0 365.33 OK
r-devel-windows-x86_64 9.6.0 33.00 269.00 302.00 OK
r-patched-linux-x86_64 9.6.0 28.25 263.20 291.45 OK
r-release-linux-x86_64 9.6.0 32.19 260.30 292.49 OK
r-release-macos-arm64 9.6.0 146.00 NOTE
r-release-macos-x86_64 9.6.0 328.00 NOTE
r-release-windows-x86_64 9.6.0 42.00 328.00 370.00 OK
r-oldrel-macos-arm64 9.6.0 136.00 NOTE
r-oldrel-windows-x86_64 9.6.0 41.00 301.00 342.00 OK

Check Details

Version: 9.6.0
Check: installed package size
Result: NOTE installed size is 7.3Mb sub-directories of 1Mb or more: data 2.9Mb libs 2.7Mb Flavors: r-release-macos-arm64, r-release-macos-x86_64, r-oldrel-macos-arm64