Last updated on 2023-12-09 06:48:39 CET.
Flavor | Version | Tinstall | Tcheck | Ttotal | Status | Flags |
---|---|---|---|---|---|---|
r-devel-linux-x86_64-debian-clang | 2.13 | 13.99 | 141.67 | 155.66 | OK | |
r-devel-linux-x86_64-debian-gcc | 2.13 | 11.17 | 105.49 | 116.66 | OK | |
r-devel-linux-x86_64-fedora-clang | 2.13 | 201.90 | NOTE | |||
r-devel-linux-x86_64-fedora-gcc | 2.13 | 195.84 | OK | |||
r-devel-windows-x86_64 | 2.13 | 15.00 | 135.00 | 150.00 | NOTE | |
r-patched-linux-x86_64 | 2.13 | 18.31 | 135.40 | 153.71 | OK | |
r-release-linux-x86_64 | 2.13 | 14.63 | 132.77 | 147.40 | OK | |
r-release-macos-arm64 | 2.13 | 85.00 | NOTE | |||
r-release-macos-x86_64 | 2.13 | 137.00 | NOTE | |||
r-release-windows-x86_64 | 2.13 | 19.00 | 169.00 | 188.00 | NOTE | |
r-oldrel-macos-arm64 | 2.13 | 65.00 | NOTE | |||
r-oldrel-macos-x86_64 | 2.13 | 76.00 | NOTE | |||
r-oldrel-windows-x86_64 | 2.13 | 17.00 | 156.00 | 173.00 | NOTE |
Version: 2.13
Check: installed package size
Result: NOTE
installed size is 5.9Mb
sub-directories of 1Mb or more:
doc 5.2Mb
Flavors: r-devel-linux-x86_64-fedora-clang, r-devel-windows-x86_64, r-release-macos-arm64, r-release-macos-x86_64, r-release-windows-x86_64, r-oldrel-macos-arm64, r-oldrel-macos-x86_64, r-oldrel-windows-x86_64
Version: 2.13
Check: package dependencies
Result: NOTE
Package suggested but not available for checking: ‘doMPI’
Flavors: r-release-macos-arm64, r-release-macos-x86_64, r-oldrel-macos-arm64, r-oldrel-macos-x86_64