Last updated on 2025-02-22 12:50:50 CET.
Flavor | Version | Tinstall | Tcheck | Ttotal | Status | Flags |
---|---|---|---|---|---|---|
r-devel-linux-x86_64-debian-clang | 2.18 | 15.59 | 131.15 | 146.74 | OK | |
r-devel-linux-x86_64-debian-gcc | 2.18 | 8.77 | 89.72 | 98.49 | OK | |
r-devel-linux-x86_64-fedora-clang | 2.18 | 240.73 | OK | |||
r-devel-linux-x86_64-fedora-gcc | 2.18 | 229.18 | OK | |||
r-devel-macos-arm64 | 2.18 | 75.00 | OK | |||
r-devel-macos-x86_64 | 2.18 | 154.00 | OK | |||
r-devel-windows-x86_64 | 2.18 | 18.00 | 161.00 | 179.00 | OK | |
r-patched-linux-x86_64 | 2.18 | 15.15 | 120.63 | 135.78 | OK | |
r-release-linux-x86_64 | 2.18 | 12.99 | 118.86 | 131.85 | OK | |
r-release-macos-arm64 | 2.18 | 76.00 | NOTE | |||
r-release-macos-x86_64 | 2.18 | 135.00 | NOTE | |||
r-release-windows-x86_64 | 2.18 | 18.00 | 161.00 | 179.00 | NOTE | |
r-oldrel-macos-arm64 | 2.18 | 81.00 | NOTE | |||
r-oldrel-macos-x86_64 | 2.18 | 130.00 | NOTE | |||
r-oldrel-windows-x86_64 | 2.18 | 22.00 | 195.00 | 217.00 | NOTE |
Version: 2.18
Check: installed package size
Result: NOTE
installed size is 7.3Mb
sub-directories of 1Mb or more:
doc 6.5Mb
Flavors: r-release-macos-arm64, r-release-macos-x86_64, r-release-windows-x86_64, r-oldrel-macos-arm64, r-oldrel-macos-x86_64, r-oldrel-windows-x86_64