Last updated on 2025-04-30 12:49:16 CEST.
Flavor | Version | Tinstall | Tcheck | Ttotal | Status | Flags |
---|---|---|---|---|---|---|
r-devel-linux-x86_64-debian-clang | 0.7.3 | 4.55 | 57.61 | 62.16 | NOTE | |
r-devel-linux-x86_64-debian-gcc | 0.7.3 | 3.77 | 40.28 | 44.05 | NOTE | |
r-devel-linux-x86_64-fedora-clang | 0.7.3 | 110.43 | OK | |||
r-devel-linux-x86_64-fedora-gcc | 0.7.3 | 99.67 | OK | |||
r-devel-windows-x86_64 | 0.7.3 | 7.00 | 71.00 | 78.00 | OK | |
r-patched-linux-x86_64 | 0.7.3 | 5.32 | 54.73 | 60.05 | OK | |
r-release-linux-x86_64 | 0.7.3 | 4.65 | 55.29 | 59.94 | OK | |
r-release-macos-arm64 | 0.7.3 | 30.00 | OK | |||
r-release-macos-x86_64 | 0.7.3 | 66.00 | OK | |||
r-release-windows-x86_64 | 0.7.3 | 7.00 | 76.00 | 83.00 | OK | |
r-oldrel-macos-arm64 | 0.7.3 | 37.00 | OK | |||
r-oldrel-macos-x86_64 | 0.7.3 | 78.00 | OK | |||
r-oldrel-windows-x86_64 | 0.7.3 | 9.00 | 85.00 | 94.00 | OK |
Version: 0.7.3
Check: examples
Result: NOTE
Examples with CPU (user + system) or elapsed time > 5s
user system elapsed
plot.CopApprox 6.477 0.157 8.026
plot.SimCop 5.961 0.009 8.289
GetApprox 3.789 0.112 5.032
Flavor: r-devel-linux-x86_64-debian-clang
Version: 0.7.3
Check: examples
Result: NOTE
Examples with CPU (user + system) or elapsed time > 5s
user system elapsed
plot.CopApprox 3.461 0.184 5.259
Flavor: r-devel-linux-x86_64-debian-gcc