CRAN Package Check Results for Package Sim.DiffProc

Last updated on 2025-10-02 21:49:17 CEST.

Flavor Version Tinstall Tcheck Ttotal Status Flags
r-devel-linux-x86_64-debian-clang 4.9 23.43 225.16 248.59 NOTE
r-devel-linux-x86_64-debian-gcc 4.9 15.48 143.55 159.03 NOTE
r-devel-linux-x86_64-fedora-clang 4.9 385.06 NOTE
r-devel-linux-x86_64-fedora-gcc 4.9 401.66 NOTE
r-devel-windows-x86_64 4.9 25.00 244.00 269.00 NOTE
r-patched-linux-x86_64 4.9 25.58 218.79 244.37 NOTE
r-release-linux-x86_64 4.9 23.14 218.01 241.15 NOTE
r-release-macos-arm64 4.9 122.00 NOTE
r-release-macos-x86_64 4.9 245.00 NOTE
r-release-windows-x86_64 4.9 24.00 245.00 269.00 NOTE
r-oldrel-macos-arm64 4.9 119.00 OK
r-oldrel-macos-x86_64 4.9 208.00 OK
r-oldrel-windows-x86_64 4.9 27.00 329.00 356.00 OK

Check Details

Version: 4.9
Check: compiled code
Result: NOTE File ‘Sim.DiffProc/libs/Sim.DiffProc.so’: Found non-API call to R: ‘SET_TYPEOF’ Compiled code should not call non-API entry points in R. See ‘Writing portable packages’ in the ‘Writing R Extensions’ manual, and section ‘Moving into C API compliance’ for issues with the use of non-API entry points. Flavors: r-devel-linux-x86_64-debian-clang, r-devel-linux-x86_64-debian-gcc, r-devel-linux-x86_64-fedora-clang, r-devel-linux-x86_64-fedora-gcc, r-patched-linux-x86_64, r-release-linux-x86_64, r-release-macos-arm64, r-release-macos-x86_64

Version: 4.9
Check: compiled code
Result: NOTE File 'Sim.DiffProc/libs/x64/Sim.DiffProc.dll': Found non-API call to R: 'SET_TYPEOF' Compiled code should not call non-API entry points in R. See 'Writing portable packages' in the 'Writing R Extensions' manual, and section 'Moving into C API compliance' for issues with the use of non-API entry points. Flavors: r-devel-windows-x86_64, r-release-windows-x86_64