CRAN Package Check Results for Package SigTree

Last updated on 2020-02-17 12:47:59 CET.

Flavor Version Tinstall Tcheck Ttotal Status Flags
r-devel-linux-x86_64-debian-clang 1.10.6 29.76 253.70 283.46 NOTE
r-devel-linux-x86_64-debian-gcc 1.10.6 26.34 194.94 221.28 NOTE
r-devel-linux-x86_64-fedora-clang 1.10.6 332.31 NOTE
r-devel-windows-ix86+x86_64 1.10.6 66.00 333.00 399.00 OK
r-devel-windows-ix86+x86_64-gcc8 1.10.6 58.00 7.00 65.00 ERROR
r-patched-linux-x86_64 1.10.6 23.49 214.99 238.48 OK
r-patched-solaris-x86 1.10.6 453.20 OK
r-release-linux-x86_64 1.10.6 26.02 212.03 238.05 OK
r-release-windows-ix86+x86_64 1.10.6 59.00 279.00 338.00 OK
r-release-osx-x86_64 1.10.6 OK
r-oldrel-windows-ix86+x86_64 1.10.6 33.00 394.00 427.00 OK
r-oldrel-osx-x86_64 1.10.6 OK

Check Details

Version: 1.10.6
Check: for non-standard things in the check directory
Result: NOTE
    Found the following files/directories:
     'ExportFigtree1.tre'
Flavors: r-devel-linux-x86_64-debian-clang, r-devel-linux-x86_64-debian-gcc, r-devel-linux-x86_64-fedora-clang

Version: 1.10.6
Check: whether package can be installed
Result: ERROR
    Installation failed.
Flavor: r-devel-windows-ix86+x86_64-gcc8