CRAN Package Check Results for Package ShinyItemAnalysis

Last updated on 2020-08-12 21:49:56 CEST.

Flavor Version Tinstall Tcheck Ttotal Status Flags
r-devel-linux-x86_64-debian-clang 1.3.3 0.93 2.43 3.36 ERROR
r-devel-linux-x86_64-debian-gcc 1.3.3 16.26 118.28 134.54 OK
r-devel-linux-x86_64-fedora-clang 1.3.3 216.19 NOTE
r-devel-linux-x86_64-fedora-gcc 1.3.3 202.69 NOTE
r-devel-windows-ix86+x86_64 1.3.3 48.00 222.00 270.00 OK
r-patched-linux-x86_64 1.3.3 19.41 151.77 171.18 OK
r-patched-solaris-x86 1.3.3 318.30 NOTE
r-release-linux-x86_64 1.3.3 1.01 2.60 3.61 ERROR
r-release-macos-x86_64 1.3.3 NOTE
r-release-windows-ix86+x86_64 1.3.3 52.00 224.00 276.00 OK
r-oldrel-macos-x86_64 1.3.3 NOTE
r-oldrel-windows-ix86+x86_64 1.3.3 35.00 147.00 182.00 OK

Check Details

Version: 1.3.3
Check: package dependencies
Result: ERROR
    Package required but not available: 'plotly'
    
    See section 'The DESCRIPTION file' in the 'Writing R Extensions'
    manual.
Flavors: r-devel-linux-x86_64-debian-clang, r-release-linux-x86_64

Version: 1.3.3
Check: package dependencies
Result: NOTE
    Imports includes 30 non-default packages.
    Importing from so many packages makes the package vulnerable to any of
    them becoming unavailable. Move as many as possible to Suggests and
    use conditionally.
Flavor: r-devel-linux-x86_64-fedora-clang

Version: 1.3.3
Check: dependencies in R code
Result: NOTE
    Namespaces in Imports field not imported from:
     ‘DT’ ‘VGAM’ ‘data.table’ ‘ggdendro’ ‘gridExtra’ ‘knitr’
     ‘latticeExtra’ ‘msm’ ‘plotly’ ‘shinyBS’ ‘shinydashboard’ ‘xtable’
     All declared Imports should be used.
Flavors: r-devel-linux-x86_64-fedora-clang, r-devel-linux-x86_64-fedora-gcc, r-patched-solaris-x86, r-release-macos-x86_64, r-oldrel-macos-x86_64

Version: 1.3.3
Check: Rd cross-references
Result: NOTE
    Undeclared package ‘WrightMap’ in Rd xrefs
Flavor: r-devel-linux-x86_64-fedora-clang