Last updated on 2025-02-01 21:49:25 CET.
Flavor | Version | Tinstall | Tcheck | Ttotal | Status | Flags |
---|---|---|---|---|---|---|
r-devel-linux-x86_64-debian-clang | 0.2.0 | 1.62 | 23.91 | 25.53 | OK | |
r-devel-linux-x86_64-debian-gcc | 0.2.0 | 1.66 | 19.55 | 21.21 | OK | |
r-devel-linux-x86_64-fedora-clang | 0.2.0 | 45.67 | NOTE | |||
r-devel-linux-x86_64-fedora-gcc | 0.2.0 | 53.98 | NOTE | |||
r-devel-windows-x86_64 | 0.2.0 | 3.00 | 46.00 | 49.00 | OK | |
r-patched-linux-x86_64 | 0.2.0 | 1.99 | 22.80 | 24.79 | OK | |
r-release-linux-x86_64 | 0.2.0 | 1.75 | 23.05 | 24.80 | OK | |
r-release-macos-arm64 | 0.2.0 | 23.00 | OK | |||
r-release-macos-x86_64 | 0.2.0 | 43.00 | OK | |||
r-release-windows-x86_64 | 0.2.0 | 4.00 | 46.00 | 50.00 | OK | |
r-oldrel-macos-arm64 | 0.2.0 | 27.00 | OK | |||
r-oldrel-macos-x86_64 | 0.2.0 | 38.00 | OK | |||
r-oldrel-windows-x86_64 | 0.2.0 | 4.00 | 48.00 | 52.00 | OK |
Version: 0.2.0
Check: dependencies in R code
Result: NOTE
Namespaces in Imports field not imported from:
‘MASS’ ‘kableExtra’ ‘tidyverse’
All declared Imports should be used.
Flavors: r-devel-linux-x86_64-fedora-clang, r-devel-linux-x86_64-fedora-gcc