Last updated on 2025-02-22 21:51:37 CET.
Flavor | Version | Tinstall | Tcheck | Ttotal | Status | Flags |
---|---|---|---|---|---|---|
r-devel-linux-x86_64-debian-clang | 1.1.3 | 56.36 | 61.37 | 117.73 | NOTE | |
r-devel-linux-x86_64-debian-gcc | 1.1.3 | 41.91 | 42.92 | 84.83 | NOTE | |
r-devel-linux-x86_64-fedora-clang | 1.1.3 | 224.53 | NOTE | |||
r-devel-linux-x86_64-fedora-gcc | 1.1.3 | 197.66 | NOTE | |||
r-devel-macos-arm64 | 1.1.3 | 61.00 | OK | |||
r-devel-macos-x86_64 | 1.1.3 | 111.00 | OK | |||
r-devel-windows-x86_64 | 1.1.3 | 63.00 | 120.00 | 183.00 | NOTE | |
r-patched-linux-x86_64 | 1.1.3 | 65.43 | 57.23 | 122.66 | OK | |
r-release-linux-x86_64 | 1.1.3 | 57.54 | 56.44 | 113.98 | OK | |
r-release-macos-arm64 | 1.1.3 | 65.00 | NOTE | |||
r-release-macos-x86_64 | 1.1.3 | 88.00 | NOTE | |||
r-release-windows-x86_64 | 1.1.3 | 63.00 | 113.00 | 176.00 | NOTE | |
r-oldrel-macos-arm64 | 1.1.3 | 76.00 | NOTE | |||
r-oldrel-macos-x86_64 | 1.1.3 | 106.00 | NOTE | |||
r-oldrel-windows-x86_64 | 1.1.3 | 75.00 | 137.00 | 212.00 | NOTE |
Version: 1.1.3
Check: Rd cross-references
Result: NOTE
Found the following Rd file(s) with Rd \link{} targets missing package
anchors:
plot_modules.Rd: igraph
plot_network.Rd: igraph
plot_network_diff.Rd: igraph
Please provide package anchors for all Rd \link{} targets not in the
package itself and the base packages.
Flavors: r-devel-linux-x86_64-debian-clang, r-devel-linux-x86_64-debian-gcc, r-devel-windows-x86_64
Version: 1.1.3
Check: dependencies in R code
Result: NOTE
Namespace in Imports field not imported from: ‘Rdpack’
All declared Imports should be used.
Flavors: r-devel-linux-x86_64-fedora-clang, r-devel-linux-x86_64-fedora-gcc
Version: 1.1.3
Check: installed package size
Result: NOTE
installed size is 7.2Mb
sub-directories of 1Mb or more:
data 5.7Mb
libs 1.1Mb
Flavors: r-release-macos-arm64, r-release-macos-x86_64, r-release-windows-x86_64, r-oldrel-macos-arm64, r-oldrel-macos-x86_64, r-oldrel-windows-x86_64