Last updated on 2025-02-22 12:50:49 CET.
Flavor | Version | Tinstall | Tcheck | Ttotal | Status | Flags |
---|---|---|---|---|---|---|
r-devel-linux-x86_64-debian-clang | 0.3.1 | 42.94 | 272.44 | 315.38 | NOTE | |
r-devel-linux-x86_64-debian-gcc | 0.3.1 | 33.16 | 200.24 | 233.40 | NOTE | |
r-devel-linux-x86_64-fedora-clang | 0.3.1 | 561.69 | NOTE | |||
r-devel-linux-x86_64-fedora-gcc | 0.3.1 | 532.30 | NOTE | |||
r-devel-macos-arm64 | 0.3.1 | 238.00 | OK | |||
r-devel-macos-x86_64 | 0.3.1 | 457.00 | OK | |||
r-devel-windows-x86_64 | 0.3.1 | 30.00 | 207.00 | 237.00 | OK | |
r-patched-linux-x86_64 | 0.3.1 | 40.67 | 253.99 | 294.66 | NOTE | |
r-release-linux-x86_64 | 0.3.1 | 40.84 | 251.26 | 292.10 | NOTE | |
r-release-macos-arm64 | 0.3.1 | 254.00 | OK | |||
r-release-macos-x86_64 | 0.3.1 | 260.00 | OK | |||
r-release-windows-x86_64 | 0.3.1 | 32.00 | 208.00 | 240.00 | OK | |
r-oldrel-macos-arm64 | 0.3.1 | 126.00 | OK | |||
r-oldrel-macos-x86_64 | 0.3.1 | 338.00 | OK | |||
r-oldrel-windows-x86_64 | 0.3.1 | 41.00 | 259.00 | 300.00 | OK |
Version: 0.3.1
Check: for non-standard things in the check directory
Result: NOTE
Found the following files/directories:
‘assocpointpair_result.csv’ ‘foundereffectfinder_result.csv’
‘getfreqs_result.csv’ ‘getfreqs_result.png’ ‘orPlot.pdf1_1.pdf’
‘orPlot.pdf2_1.pdf’ ‘orPlot.pdf3_1.pdf’ ‘orPlot.pdf4_1.pdf’
‘orPlot.pdf5_1.pdf’ ‘orPlot.pdf6_1.pdf’ ‘orPlot.pdf7_1.pdf’
‘orPlot.pdf8_1.pdf’ ‘q-values_result.csv’ ‘rewritetuple_result.csv’
‘tartan_plot.pdf’ ‘vispair_plot.pdf’ ‘vispairfeat_plot.pdf’
‘volcano_plot.pdf’
Flavors: r-devel-linux-x86_64-debian-clang, r-devel-linux-x86_64-debian-gcc, r-devel-linux-x86_64-fedora-clang, r-devel-linux-x86_64-fedora-gcc, r-patched-linux-x86_64, r-release-linux-x86_64