CRAN Package Check Results for Package SensoMineR

Last updated on 2020-02-17 12:47:58 CET.

Flavor Version Tinstall Tcheck Ttotal Status Flags
r-devel-linux-x86_64-debian-clang 1.23 0.69 2.17 2.86 ERROR
r-devel-linux-x86_64-debian-gcc 1.23 0.52 1.78 2.30 ERROR
r-devel-linux-x86_64-fedora-clang 1.23 163.81 OK
r-devel-windows-ix86+x86_64 1.23 35.00 138.00 173.00 OK
r-devel-windows-ix86+x86_64-gcc8 1.23 55.00 174.00 229.00 OK
r-patched-linux-x86_64 1.23 14.95 103.91 118.86 OK
r-patched-solaris-x86 1.23 194.40 OK
r-release-linux-x86_64 1.23 17.36 103.79 121.15 OK
r-release-windows-ix86+x86_64 1.23 26.00 118.00 144.00 OK
r-release-osx-x86_64 1.23 OK
r-oldrel-windows-ix86+x86_64 1.23 21.00 103.00 124.00 OK
r-oldrel-osx-x86_64 1.23 OK

Check Details

Version: 1.23
Check: package dependencies
Result: ERROR
    Package required but not available: 'FactoMineR'
    
    See section 'The DESCRIPTION file' in the 'Writing R Extensions'
    manual.
Flavors: r-devel-linux-x86_64-debian-clang, r-devel-linux-x86_64-debian-gcc