Last updated on 2023-03-27 12:54:35 CEST.
Flavor | Version | Tinstall | Tcheck | Ttotal | Status | Flags |
---|---|---|---|---|---|---|
r-devel-linux-x86_64-debian-clang | 3.4 | 71.57 | 152.28 | 223.85 | OK | |
r-devel-linux-x86_64-debian-gcc | 3.4 | 68.60 | 113.03 | 181.63 | OK | |
r-devel-linux-x86_64-fedora-clang | 3.4 | 271.14 | OK | |||
r-devel-linux-x86_64-fedora-gcc | 3.4 | 316.07 | OK | |||
r-devel-windows-x86_64 | 3.4 | 137.00 | 206.00 | 343.00 | OK | |
r-patched-linux-x86_64 | 3.4 | 77.28 | 145.64 | 222.92 | OK | |
r-release-linux-x86_64 | 3.4 | 67.43 | 140.34 | 207.77 | OK | |
r-release-macos-arm64 | 3.4 | 62.00 | NOTE | |||
r-release-macos-x86_64 | 3.4 | 91.00 | NOTE | |||
r-release-windows-x86_64 | 3.4 | 130.00 | 189.00 | 319.00 | OK | |
r-oldrel-macos-arm64 | 3.4 | 78.00 | NOTE | |||
r-oldrel-macos-x86_64 | 3.4 | 131.00 | NOTE | |||
r-oldrel-windows-ix86+x86_64 | 3.4 | 196.00 | 204.00 | 400.00 | OK |
Version: 3.4
Check: installed package size
Result: NOTE
installed size is 6.9Mb
sub-directories of 1Mb or more:
libs 5.9Mb
Flavors: r-release-macos-arm64, r-release-macos-x86_64, r-oldrel-macos-arm64, r-oldrel-macos-x86_64