CRAN Package Check Results for Package SemNeT

Last updated on 2022-08-10 06:53:07 CEST.

Flavor Version Tinstall Tcheck Ttotal Status Flags
r-devel-linux-x86_64-debian-clang 1.4.3 12.82 109.01 121.83 OK
r-devel-linux-x86_64-debian-gcc 1.4.3 11.50 78.83 90.33 OK
r-devel-linux-x86_64-fedora-clang 1.4.3 157.28 NOTE
r-devel-linux-x86_64-fedora-gcc 1.4.3 149.09 NOTE
r-devel-windows-x86_64 1.4.3 49.00 140.00 189.00 OK
r-patched-linux-x86_64 1.4.3 21.69 99.95 121.64 OK
r-release-linux-x86_64 1.4.3 OK
r-release-macos-arm64 1.4.3 44.00 NOTE
r-release-macos-x86_64 1.4.3 73.00 NOTE
r-release-windows-x86_64 1.4.3 50.00 136.00 186.00 OK
r-oldrel-macos-arm64 1.4.3 53.00 NOTE
r-oldrel-macos-x86_64 1.4.3 56.00 NOTE
r-oldrel-windows-ix86+x86_64 1.4.3 32.00 138.00 170.00 OK

Check Details

Version: 1.4.3
Check: dependencies in R code
Result: NOTE
    Namespaces in Imports field not imported from:
     ‘RColorBrewer’ ‘grid’ ‘purrr’
     All declared Imports should be used.
Flavors: r-devel-linux-x86_64-fedora-clang, r-devel-linux-x86_64-fedora-gcc, r-release-macos-arm64, r-release-macos-x86_64, r-oldrel-macos-arm64, r-oldrel-macos-x86_64

Version: 1.4.3
Check: Rd cross-references
Result: NOTE
    Undeclared packages ‘NetworkToolbox’, ‘SemNetCleaner’ in Rd xrefs
Flavor: r-devel-linux-x86_64-fedora-clang