CRAN Package Check Results for Package SelectBoost

Last updated on 2022-11-26 10:58:10 CET.

Flavor Version Tinstall Tcheck Ttotal Status Flags
r-devel-linux-x86_64-debian-clang 2.2.0 20.76 151.60 172.36 OK
r-devel-linux-x86_64-debian-gcc 2.2.0 15.51 116.30 131.81 OK
r-devel-linux-x86_64-fedora-clang 2.2.0 238.47 NOTE
r-devel-windows-x86_64 2.2.0 32.00 194.00 226.00 OK
r-patched-linux-x86_64 2.2.0 OK
r-release-linux-x86_64 2.2.0 18.03 141.68 159.71 OK
r-release-macos-arm64 2.2.0 66.00 NOTE
r-release-macos-x86_64 2.2.0 91.00 NOTE
r-release-windows-x86_64 2.2.0 88.00 168.00 256.00 OK
r-oldrel-macos-arm64 2.2.0 63.00 NOTE
r-oldrel-macos-x86_64 2.2.0 123.00 NOTE
r-oldrel-windows-ix86+x86_64 2.2.0 38.00 178.00 216.00 OK

Check Details

Version: 2.2.0
Check: dependencies in R code
Result: NOTE
    Namespace in Imports field not imported from: ‘parallel’
     All declared Imports should be used.
Flavors: r-devel-linux-x86_64-fedora-clang, r-release-macos-arm64, r-release-macos-x86_64, r-oldrel-macos-arm64, r-oldrel-macos-x86_64

Version: 2.2.0
Check: package dependencies
Result: NOTE
    Package suggested but not available for checking: ‘mixOmics’
Flavor: r-oldrel-macos-arm64