CRAN Package Check Results for Package Select

Last updated on 2020-09-24 12:50:52 CEST.

Flavor Version Tinstall Tcheck Ttotal Status Flags
r-devel-linux-x86_64-debian-clang 1.4 1.62 32.20 33.82 OK
r-devel-linux-x86_64-debian-gcc 1.4 1.70 25.12 26.82 OK
r-devel-linux-x86_64-fedora-clang 1.4 51.53 NOTE
r-devel-linux-x86_64-fedora-gcc 1.4 41.18 NOTE
r-devel-windows-ix86+x86_64 1.4 6.00 50.00 56.00 OK
r-patched-linux-x86_64 1.4 2.31 31.43 33.74 OK
r-patched-solaris-x86 1.4 62.60 NOTE
r-release-linux-x86_64 1.4 2.29 31.21 33.50 OK
r-release-macos-x86_64 1.4 NOTE
r-release-windows-ix86+x86_64 1.4 5.00 54.00 59.00 OK
r-oldrel-macos-x86_64 1.4 NOTE
r-oldrel-windows-ix86+x86_64 1.4 4.00 43.00 47.00 OK

Check Details

Version: 1.4
Check: dependencies in R code
Result: NOTE
    Namespace in Imports field not imported from: ‘FD’
     All declared Imports should be used.
Flavors: r-devel-linux-x86_64-fedora-clang, r-devel-linux-x86_64-fedora-gcc, r-patched-solaris-x86, r-release-macos-x86_64, r-oldrel-macos-x86_64