CRAN Package Check Results for Package SegEnvIneq

Last updated on 2021-04-21 21:50:12 CEST.

Flavor Version Tinstall Tcheck Ttotal Status Flags
r-devel-linux-x86_64-debian-clang 1.0 7.62 37.72 45.34 NOTE
r-devel-linux-x86_64-debian-gcc 1.0 6.25 28.86 35.11 NOTE
r-devel-linux-x86_64-fedora-clang 1.0 64.63 NOTE
r-devel-linux-x86_64-fedora-gcc 1.0 55.50 NOTE
r-devel-windows-ix86+x86_64 1.0 13.00 55.00 68.00 NOTE
r-devel-windows-x86_64-gcc10-UCRT 1.0 NOTE
r-patched-linux-x86_64 1.0 7.09 36.19 43.28 OK
r-patched-solaris-x86 1.0 84.00 OK
r-release-linux-x86_64 1.0 6.79 37.08 43.87 OK
r-release-macos-x86_64 1.0 OK
r-release-windows-ix86+x86_64 1.0 12.00 57.00 69.00 OK
r-oldrel-macos-x86_64 1.0 ERROR

Check Details

Version: 1.0
Check: LazyData
Result: NOTE
     'LazyData' is specified without a 'data' directory
Flavors: r-devel-linux-x86_64-debian-clang, r-devel-linux-x86_64-debian-gcc, r-devel-linux-x86_64-fedora-clang, r-devel-linux-x86_64-fedora-gcc, r-devel-windows-ix86+x86_64, r-devel-windows-x86_64-gcc10-UCRT

Version: 1.0
Check: package dependencies
Result: ERROR
    Package required and available but unsuitable version: ‘OasisR’
    
    See section ‘The DESCRIPTION file’ in the ‘Writing R Extensions’
    manual.
Flavor: r-oldrel-macos-x86_64