CRAN Package Check Results for Package ScriptMapR

Last updated on 2022-01-26 06:50:28 CET.

Flavor Version Tinstall Tcheck Ttotal Status Flags
r-devel-linux-x86_64-debian-clang 0.0.3 12.51 99.39 111.90 NOTE
r-devel-linux-x86_64-debian-gcc 0.0.3 8.99 75.36 84.35 NOTE
r-devel-linux-x86_64-fedora-clang 0.0.3 131.76 NOTE
r-devel-linux-x86_64-fedora-gcc 0.0.3 121.65 NOTE
r-devel-windows-x86_64-new-UL 0.0.3 30.00 163.00 193.00 NOTE
r-devel-windows-x86_64-new-TK 0.0.3 NOTE
r-patched-linux-x86_64 0.0.3 11.78 91.57 103.35 NOTE
r-release-linux-x86_64 0.0.3 17.34 131.45 148.79 NOTE
r-release-macos-arm64 0.0.3 NOTE
r-release-macos-x86_64 0.0.3 NOTE
r-release-windows-ix86+x86_64 0.0.3 37.00 148.00 185.00 NOTE
r-oldrel-macos-x86_64 0.0.3 OK
r-oldrel-windows-ix86+x86_64 0.0.3 24.00 97.00 121.00 OK

Check Details

Version: 0.0.3
Check: LazyData
Result: NOTE
     'LazyData' is specified without a 'data' directory
Flavors: r-devel-linux-x86_64-debian-clang, r-devel-linux-x86_64-debian-gcc, r-devel-linux-x86_64-fedora-clang, r-devel-linux-x86_64-fedora-gcc, r-devel-windows-x86_64-new-UL, r-devel-windows-x86_64-new-TK, r-patched-linux-x86_64, r-release-linux-x86_64, r-release-macos-arm64, r-release-macos-x86_64, r-release-windows-ix86+x86_64