CRAN Package Check Results for Package ScorePlus

Last updated on 2022-01-18 06:53:00 CET.

Flavor Version Tinstall Tcheck Ttotal Status Flags
r-devel-linux-x86_64-debian-clang 0.1 5.06 69.09 74.15 NOTE
r-devel-linux-x86_64-debian-gcc 0.1 7.15 56.68 63.83 NOTE
r-devel-linux-x86_64-fedora-clang 0.1 97.04 NOTE
r-devel-linux-x86_64-fedora-gcc 0.1 84.50 NOTE
r-devel-windows-x86_64-new-UL 0.1 31.00 86.00 117.00 NOTE
r-devel-windows-x86_64-new-TK 0.1 NOTE
r-patched-linux-x86_64 0.1 5.32 69.21 74.53 NOTE
r-release-linux-x86_64 0.1 NOTE
r-release-macos-arm64 0.1 NOTE
r-release-macos-x86_64 0.1 NOTE
r-release-windows-ix86+x86_64 0.1 17.00 81.00 98.00 NOTE
r-oldrel-macos-x86_64 0.1 OK
r-oldrel-windows-ix86+x86_64 0.1 18.00 82.00 100.00 OK

Check Details

Version: 0.1
Check: LazyData
Result: NOTE
     'LazyData' is specified without a 'data' directory
Flavors: r-devel-linux-x86_64-debian-clang, r-devel-linux-x86_64-debian-gcc, r-devel-linux-x86_64-fedora-clang, r-devel-linux-x86_64-fedora-gcc, r-devel-windows-x86_64-new-UL, r-devel-windows-x86_64-new-TK, r-patched-linux-x86_64, r-release-linux-x86_64, r-release-macos-arm64, r-release-macos-x86_64, r-release-windows-ix86+x86_64