CRAN Package Check Results for Package SchoolDataIT

Last updated on 2024-06-13 21:49:31 CEST.

Flavor Version Tinstall Tcheck Ttotal Status Flags
r-devel-linux-x86_64-debian-clang 0.1.1 13.50 119.53 133.03 OK
r-devel-linux-x86_64-debian-gcc 0.1.2 0.43 1.65 2.08 ERROR
r-devel-linux-x86_64-fedora-clang 0.1.2 161.43 OK
r-devel-linux-x86_64-fedora-gcc 0.1.2 153.79 OK
r-devel-windows-x86_64 0.1.2 7.00 21.00 28.00 ERROR
r-patched-linux-x86_64 0.1.2 13.77 116.30 130.07 OK
r-release-linux-x86_64 0.1.1 7.91 116.93 124.84 OK
r-release-macos-arm64 0.1.2 65.00 OK
r-release-macos-x86_64 0.1.2 126.00 OK
r-release-windows-x86_64 0.1.1 15.00 103.00 118.00 OK
r-oldrel-macos-arm64 0.1.2 66.00 OK
r-oldrel-macos-x86_64 0.1.2 120.00 OK
r-oldrel-windows-x86_64 0.1.2 17.00 128.00 145.00 OK

Check Details

Version: 0.1.2
Check: package dependencies
Result: ERROR Packages required but not available: 'dplyr', 'ggplot2', 'readr', 'readxl', 'rvest', 'stringr', 'tidyr' Packages suggested but not available for checking: 'testthat', 'tidyverse' See section ‘The DESCRIPTION file’ in the ‘Writing R Extensions’ manual. Flavor: r-devel-linux-x86_64-debian-gcc

Version: 0.1.2
Check: whether package can be installed
Result: ERROR Installation failed. Flavor: r-devel-windows-x86_64