CRAN Package Check Results for Package SWIM

Last updated on 2020-08-11 21:48:44 CEST.

Flavor Version Tinstall Tcheck Ttotal Status Flags
r-devel-linux-x86_64-debian-clang 0.2.1 7.93 115.27 123.20 OK
r-devel-linux-x86_64-debian-gcc 0.2.1 5.36 48.78 54.14 WARN
r-devel-linux-x86_64-fedora-clang 0.2.1 155.15 OK
r-devel-linux-x86_64-fedora-gcc 0.2.1 156.90 OK
r-devel-windows-ix86+x86_64 0.2.1 23.00 167.00 190.00 OK
r-patched-linux-x86_64 0.2.1 7.23 112.81 120.04 OK
r-patched-solaris-x86 0.2.1 224.30 OK
r-release-linux-x86_64 0.2.1 5.24 62.55 67.79 WARN
r-release-macos-x86_64 0.2.1 OK
r-release-windows-ix86+x86_64 0.2.1 26.00 178.00 204.00 OK
r-oldrel-macos-x86_64 0.2.1 OK
r-oldrel-windows-ix86+x86_64 0.2.1 12.00 123.00 135.00 OK

Check Details

Version: 0.2.1
Check: package dependencies
Result: NOTE
    Package suggested but not available for checking: ‘ggpubr’
Flavors: r-devel-linux-x86_64-debian-gcc, r-release-linux-x86_64

Version: 0.2.1
Check: re-building of vignette outputs
Result: WARN
    Error(s) in re-building vignettes:
     ...
    --- re-building ‘SWIM-vignette.Rmd’ using rmarkdown
    Warning: Computation failed in `stat_ecdf()`:
    there is no package called 'spatstat'
    Warning: Computation failed in `stat_ecdf()`:
    there is no package called 'spatstat'
    Warning: Computation failed in `stat_ecdf()`:
    there is no package called 'spatstat'
    Warning: Computation failed in `stat_ecdf()`:
    there is no package called 'spatstat'
    Warning in block_exec(params) :
     Failed to tidy R code in chunk 'loading-packages'. Reason:
    Error in loadNamespace(name) : there is no package called 'formatR'
    
    Quitting from lines 405-408 (SWIM-vignette.Rmd)
    Error: processing vignette 'SWIM-vignette.Rmd' failed with diagnostics:
    there is no package called 'ggpubr'
    --- failed re-building ‘SWIM-vignette.Rmd’
    
    SUMMARY: processing the following file failed:
     ‘SWIM-vignette.Rmd’
    
    Error: Vignette re-building failed.
    Execution halted
Flavors: r-devel-linux-x86_64-debian-gcc, r-release-linux-x86_64