CRAN Package Check Results for Package SUMMER

Last updated on 2020-05-28 12:48:52 CEST.

Flavor Version Tinstall Tcheck Ttotal Status Flags
r-devel-linux-x86_64-debian-clang 0.3.0 16.03 106.68 122.71 NOTE
r-devel-linux-x86_64-debian-gcc 0.3.0 11.77 81.93 93.70 NOTE
r-devel-linux-x86_64-fedora-clang 0.3.0 150.35 NOTE
r-devel-linux-x86_64-fedora-gcc 0.3.0 146.61 OK
r-devel-windows-ix86+x86_64 0.3.0 40.00 157.00 197.00 NOTE
r-patched-linux-x86_64 0.3.0 14.92 105.58 120.50 NOTE
r-patched-solaris-x86 0.3.0 211.80 NOTE --no-vignettes
r-release-linux-x86_64 0.3.0 15.77 106.49 122.26 NOTE
r-release-osx-x86_64 0.3.0 NOTE
r-release-windows-ix86+x86_64 0.3.0 29.00 130.00 159.00 NOTE
r-oldrel-osx-x86_64 0.3.0 NOTE
r-oldrel-windows-ix86+x86_64 0.3.0 29.00 118.00 147.00 NOTE

Check Details

Version: 0.3.0
Check: package dependencies
Result: NOTE
    Package suggested but not available for checking: 'INLA'
Flavors: r-devel-linux-x86_64-debian-clang, r-devel-linux-x86_64-debian-gcc, r-patched-linux-x86_64, r-release-linux-x86_64, r-release-osx-x86_64, r-oldrel-osx-x86_64

Version: 0.3.0
Check: installed package size
Result: NOTE
     installed size is 6.4Mb
     sub-directories of 1Mb or more:
     data 2.7Mb
     doc 3.4Mb
Flavors: r-devel-linux-x86_64-fedora-clang, r-devel-windows-ix86+x86_64, r-release-osx-x86_64, r-release-windows-ix86+x86_64, r-oldrel-osx-x86_64, r-oldrel-windows-ix86+x86_64

Version: 0.3.0
Flags: --no-vignettes
Check: package dependencies
Result: NOTE
    Package suggested but not available for checking: ‘INLA’
Flavor: r-patched-solaris-x86

Version: 0.3.0
Flags: --no-vignettes
Check: installed package size
Result: NOTE
     installed size is 6.8Mb
     sub-directories of 1Mb or more:
     data 2.8Mb
     doc 3.5Mb
Flavor: r-patched-solaris-x86