Last updated on 2025-04-30 12:49:17 CEST.
Flavor | Version | Tinstall | Tcheck | Ttotal | Status | Flags |
---|---|---|---|---|---|---|
r-devel-linux-x86_64-debian-clang | 0.6.6 | 2.49 | 37.64 | 40.13 | NOTE | |
r-devel-linux-x86_64-debian-gcc | 0.6.6 | 1.87 | 30.58 | 32.45 | NOTE | |
r-devel-linux-x86_64-fedora-clang | 0.6.6 | 61.64 | OK | |||
r-devel-linux-x86_64-fedora-gcc | 0.6.6 | 82.58 | OK | |||
r-devel-windows-x86_64 | 0.6.6 | 4.00 | 83.00 | 87.00 | OK | |
r-patched-linux-x86_64 | 0.6.6 | 2.84 | 38.39 | 41.23 | OK | |
r-release-linux-x86_64 | 0.6.6 | 2.48 | 38.14 | 40.62 | OK | |
r-release-macos-arm64 | 0.6.6 | 33.00 | OK | |||
r-release-macos-x86_64 | 0.6.6 | 59.00 | OK | |||
r-release-windows-x86_64 | 0.6.6 | 4.00 | 82.00 | 86.00 | OK | |
r-oldrel-macos-arm64 | 0.6.6 | 29.00 | OK | |||
r-oldrel-macos-x86_64 | 0.6.6 | 51.00 | OK | |||
r-oldrel-windows-x86_64 | 0.6.6 | 4.00 | 85.00 | 89.00 | OK |
Version: 0.6.6
Check: CRAN incoming feasibility
Result: NOTE
Maintainer: ‘Dave Zes <zesdave@gmail.com>’
No Authors@R field in DESCRIPTION.
Please add one, modifying
Authors@R: person(given = "Dave",
family = "Zes",
role = c("aut", "cre"),
email = "zesdave@gmail.com")
as necessary.
Flavors: r-devel-linux-x86_64-debian-clang, r-devel-linux-x86_64-debian-gcc