Last updated on 2025-05-21 06:49:50 CEST.
Flavor | Version | Tinstall | Tcheck | Ttotal | Status | Flags |
---|---|---|---|---|---|---|
r-devel-linux-x86_64-debian-clang | 0.6.6 | 2.62 | 37.86 | 40.48 | NOTE | |
r-devel-linux-x86_64-debian-gcc | 0.6.6 | 1.92 | 29.69 | 31.61 | NOTE | |
r-devel-linux-x86_64-fedora-clang | 0.6.6 | 62.00 | OK | |||
r-devel-linux-x86_64-fedora-gcc | 0.6.6 | 73.23 | OK | |||
r-devel-windows-x86_64 | 0.6.6 | 4.00 | 81.00 | 85.00 | OK | |
r-patched-linux-x86_64 | 0.6.6 | 2.27 | 38.27 | 40.54 | OK | |
r-release-linux-x86_64 | 0.6.6 | 2.22 | 38.17 | 40.39 | OK | |
r-release-macos-arm64 | 0.6.6 | 33.00 | OK | |||
r-release-macos-x86_64 | 0.6.6 | 59.00 | OK | |||
r-release-windows-x86_64 | 0.6.6 | 3.00 | 80.00 | 83.00 | OK | |
r-oldrel-macos-arm64 | 0.6.6 | 29.00 | OK | |||
r-oldrel-macos-x86_64 | 0.6.6 | 51.00 | OK | |||
r-oldrel-windows-x86_64 | 0.6.6 | 4.00 | 85.00 | 89.00 | OK |
Version: 0.6.6
Check: CRAN incoming feasibility
Result: NOTE
Maintainer: ‘Dave Zes <zesdave@gmail.com>’
No Authors@R field in DESCRIPTION.
Please add one, modifying
Authors@R: person(given = "Dave",
family = "Zes",
role = c("aut", "cre"),
email = "zesdave@gmail.com")
as necessary.
Flavors: r-devel-linux-x86_64-debian-clang, r-devel-linux-x86_64-debian-gcc