Last updated on 2024-04-24 02:53:14 CEST.
Flavor | Version | Tinstall | Tcheck | Ttotal | Status | Flags |
---|---|---|---|---|---|---|
r-devel-linux-x86_64-debian-clang | 0.99.6 | 30.54 | 303.12 | 333.66 | OK | |
r-devel-linux-x86_64-debian-gcc | 0.99.6 | 21.61 | 222.36 | 243.97 | OK | |
r-devel-linux-x86_64-fedora-clang | 0.99.6 | 427.32 | NOTE | |||
r-devel-linux-x86_64-fedora-gcc | 0.99.6 | 423.97 | OK | |||
r-prerel-macos-arm64 | 0.99.6 | 113.00 | OK | |||
r-prerel-macos-x86_64 | 0.99.6 | 214.00 | OK | |||
r-prerel-windows-x86_64 | 0.99.6 | 25.00 | 218.00 | 243.00 | OK | |
r-patched-linux-x86_64 | 0.99.6 | 21.67 | 294.15 | 315.82 | OK | |
r-release-linux-x86_64 | 0.99.6 | 29.31 | 295.29 | 324.60 | OK | |
r-release-macos-arm64 | 0.99.6 | 120.00 | OK | |||
r-release-macos-x86_64 | 0.99.6 | 212.00 | OK | |||
r-release-windows-x86_64 | 0.99.6 | 30.00 | 277.00 | 307.00 | OK | |
r-oldrel-macos-arm64 | 0.99.6 | 84.00 | OK | |||
r-oldrel-windows-x86_64 | 0.99.6 | 31.00 | 289.00 | 320.00 | OK |
Version: 0.99.6
Check: package dependencies
Result: NOTE
Imports includes 22 non-default packages.
Importing from so many packages makes the package vulnerable to any of
them becoming unavailable. Move as many as possible to Suggests and
use conditionally.
Flavor: r-devel-linux-x86_64-fedora-clang