Last updated on 2025-01-25 06:49:26 CET.
Flavor | Version | Tinstall | Tcheck | Ttotal | Status | Flags |
---|---|---|---|---|---|---|
r-devel-linux-x86_64-debian-clang | 1.6.3 | 26.82 | 67.41 | 94.23 | OK | |
r-devel-linux-x86_64-debian-gcc | 1.6.3 | 22.26 | 45.27 | 67.53 | OK | |
r-devel-linux-x86_64-fedora-clang | 1.6.3 | 151.57 | OK | |||
r-devel-linux-x86_64-fedora-gcc | 1.6.3 | 167.01 | OK | |||
r-devel-windows-x86_64 | 1.6.3 | 28.00 | 86.00 | 114.00 | OK | |
r-patched-linux-x86_64 | 1.6.3 | 25.33 | 63.80 | 89.13 | OK | |
r-release-linux-x86_64 | 1.6.3 | 25.18 | 63.68 | 88.86 | OK | |
r-release-macos-arm64 | 1.6.3 | 54.00 | NOTE | |||
r-release-macos-x86_64 | 1.6.3 | 79.00 | NOTE | |||
r-release-windows-x86_64 | 1.6.3 | 27.00 | 85.00 | 112.00 | OK | |
r-oldrel-macos-arm64 | 1.6.3 | 62.00 | NOTE | |||
r-oldrel-macos-x86_64 | 1.6.3 | 122.00 | NOTE | |||
r-oldrel-windows-x86_64 | 1.6.3 | 31.00 | 104.00 | 135.00 | OK |
Version: 1.6.3
Check: installed package size
Result: NOTE
installed size is 5.7Mb
sub-directories of 1Mb or more:
data 5.4Mb
Flavors: r-release-macos-arm64, r-release-macos-x86_64, r-oldrel-macos-arm64, r-oldrel-macos-x86_64