CRAN Package Check Results for Package SQMtools

Last updated on 2024-05-23 21:50:56 CEST.

Flavor Version Tinstall Tcheck Ttotal Status Flags
r-devel-linux-x86_64-debian-clang 1.6.3 26.87 86.76 113.63 OK
r-devel-linux-x86_64-debian-gcc 1.6.3 24.62 65.79 90.41 OK
r-devel-linux-x86_64-fedora-clang 1.6.3 152.63 OK
r-devel-linux-x86_64-fedora-gcc 1.6.3 147.65 OK
r-devel-windows-x86_64 1.6.3 27.00 85.00 112.00 OK
r-patched-linux-x86_64 1.6.3 21.48 84.58 106.06 OK
r-release-linux-x86_64 1.6.3 21.47 84.88 106.35 OK
r-release-macos-arm64 1.6.3 54.00 NOTE
r-release-macos-x86_64 1.6.3 102.00 OK
r-release-windows-x86_64 1.6.3 28.00 92.00 120.00 OK
r-oldrel-macos-arm64 1.6.3 62.00 NOTE
r-oldrel-macos-x86_64 1.6.3 122.00 NOTE
r-oldrel-windows-x86_64 1.6.3 35.00 100.00 135.00 OK

Additional issues

donttest

Check Details

Version: 1.6.3
Check: installed package size
Result: NOTE installed size is 5.7Mb sub-directories of 1Mb or more: data 5.4Mb Flavors: r-release-macos-arm64, r-oldrel-macos-arm64, r-oldrel-macos-x86_64