Last updated on 2022-05-28 11:52:16 CEST.
Flavor | Version | Tinstall | Tcheck | Ttotal | Status | Flags |
---|---|---|---|---|---|---|
r-devel-linux-x86_64-debian-clang | 1.4 | 15.90 | 153.60 | 169.50 | OK | |
r-devel-linux-x86_64-debian-gcc | 1.4 | 14.88 | 113.93 | 128.81 | OK | |
r-devel-linux-x86_64-fedora-clang | 1.4 | 206.51 | NOTE | |||
r-devel-linux-x86_64-fedora-gcc | 1.4 | 196.29 | NOTE | |||
r-devel-windows-x86_64 | 1.4 | 50.00 | 178.00 | 228.00 | OK | |
r-patched-linux-x86_64 | 1.4 | 22.28 | 143.80 | 166.08 | OK | |
r-release-linux-x86_64 | 1.4 | 13.41 | 145.12 | 158.53 | OK | |
r-release-macos-arm64 | 1.4 | 57.00 | NOTE | |||
r-release-macos-x86_64 | 1.4 | 91.00 | NOTE | |||
r-release-windows-x86_64 | 1.4 | 46.00 | 173.00 | 219.00 | OK | |
r-oldrel-macos-arm64 | 1.4 | 56.00 | NOTE | |||
r-oldrel-macos-x86_64 | 1.4 | 68.00 | NOTE | |||
r-oldrel-windows-ix86+x86_64 | 1.4 | 37.00 | 168.00 | 205.00 | OK |
Version: 1.4
Check: dependencies in R code
Result: NOTE
Namespaces in Imports field not imported from:
‘spatstat’ ‘spatstat.data’ ‘spatstat.linnet’ ‘spatstat.sparse’
‘spatstat.utils’ ‘testthat’
All declared Imports should be used.
Flavors: r-devel-linux-x86_64-fedora-clang, r-devel-linux-x86_64-fedora-gcc, r-release-macos-arm64, r-release-macos-x86_64, r-oldrel-macos-arm64, r-oldrel-macos-x86_64